CRAN Package Check Results for Package clinUtils

Last updated on 2021-11-26 19:52:46 CET.

Flavor Version Tinstall Tcheck Ttotal Status Flags
r-devel-linux-x86_64-debian-clang 0.1.0 6.59 97.90 104.49 OK
r-devel-linux-x86_64-debian-gcc 0.1.0 5.87 72.76 78.63 OK
r-devel-linux-x86_64-fedora-clang 0.1.0 146.14 NOTE
r-devel-linux-x86_64-fedora-gcc 0.1.0 123.13 OK
r-devel-windows-x86_64-new-UL 0.1.0 24.00 175.00 199.00 NOTE
r-devel-windows-x86_64-new-TK 0.1.0 OK
r-devel-windows-x86_64-old 0.1.0 10.00 174.00 184.00 NOTE
r-patched-linux-x86_64 0.1.0 11.97 91.39 103.36 OK
r-patched-solaris-x86 0.1.0 139.00 NOTE
r-release-linux-x86_64 0.1.0 OK
r-release-macos-arm64 0.1.0 NOTE
r-release-macos-x86_64 0.1.0 NOTE
r-release-windows-ix86+x86_64 0.1.0 17.00 187.00 204.00 NOTE
r-oldrel-macos-x86_64 0.1.0 NOTE
r-oldrel-windows-ix86+x86_64 0.1.0 22.00 188.00 210.00 NOTE

Check Details

Version: 0.1.0
Check: installed package size
Result: NOTE
     installed size is 6.4Mb
     sub-directories of 1Mb or more:
     doc 5.3Mb
Flavors: r-devel-linux-x86_64-fedora-clang, r-devel-windows-x86_64-new-UL, r-devel-windows-x86_64-old, r-patched-solaris-x86, r-release-macos-arm64, r-release-macos-x86_64, r-release-windows-ix86+x86_64, r-oldrel-macos-x86_64, r-oldrel-windows-ix86+x86_64