Last updated on 2023-02-03 18:51:17 CET.
Flavor | Version | Tinstall | Tcheck | Ttotal | Status | Flags |
---|---|---|---|---|---|---|
r-devel-linux-x86_64-debian-clang | 0.5 | 4.91 | 44.81 | 49.72 | OK | |
r-devel-linux-x86_64-debian-gcc | 0.5 | 3.69 | 33.42 | 37.11 | OK | |
r-devel-linux-x86_64-fedora-clang | 0.5 | 61.98 | NOTE | |||
r-devel-linux-x86_64-fedora-gcc | 0.5 | 74.49 | OK | |||
r-devel-windows-x86_64 | 0.5 | 42.00 | 83.00 | 125.00 | NOTE | |
r-patched-linux-x86_64 | 0.5 | 3.76 | 41.74 | 45.50 | OK | |
r-release-linux-x86_64 | 0.5 | 3.52 | 40.38 | 43.90 | OK | |
r-release-macos-arm64 | 0.5 | 26.00 | NOTE | |||
r-release-macos-x86_64 | 0.5 | 42.00 | NOTE | |||
r-release-windows-x86_64 | 0.5 | 43.00 | 82.00 | 125.00 | NOTE | |
r-oldrel-macos-arm64 | 0.5 | 31.00 | NOTE | |||
r-oldrel-macos-x86_64 | 0.5 | 39.00 | NOTE | |||
r-oldrel-windows-ix86+x86_64 | 0.5 | 11.00 | 75.00 | 86.00 | NOTE |
Version: 0.5
Check: installed package size
Result: NOTE
installed size is 5.5Mb
sub-directories of 1Mb or more:
data 3.4Mb
doc 1.9Mb
Flavors: r-devel-linux-x86_64-fedora-clang, r-devel-windows-x86_64, r-release-macos-arm64, r-release-macos-x86_64, r-release-windows-x86_64, r-oldrel-macos-arm64, r-oldrel-macos-x86_64, r-oldrel-windows-ix86+x86_64