CRAN Package Check Results for Package climatrends

Last updated on 2024-02-27 21:48:21 CET.

Flavor Version Tinstall Tcheck Ttotal Status Flags
r-devel-linux-x86_64-debian-clang 0.5 5.96 44.59 50.55 OK
r-devel-linux-x86_64-debian-gcc 0.5 4.35 33.61 37.96 OK
r-devel-linux-x86_64-fedora-clang 0.5 60.08 NOTE
r-devel-linux-x86_64-fedora-gcc 0.5 70.91 OK
r-devel-windows-x86_64 0.5 6.00 57.00 63.00 NOTE
r-patched-linux-x86_64 0.5 4.32 42.93 47.25 OK
r-release-linux-x86_64 0.5 3.58 42.94 46.52 OK
r-release-macos-arm64 0.5 37.00 NOTE
r-release-macos-x86_64 0.5 42.00 NOTE
r-release-windows-x86_64 0.5 8.00 61.00 69.00 NOTE
r-oldrel-macos-arm64 0.5 26.00 NOTE
r-oldrel-windows-x86_64 0.5 9.00 63.00 72.00 NOTE

Check Details

Version: 0.5
Check: installed package size
Result: NOTE installed size is 5.6Mb sub-directories of 1Mb or more: data 3.4Mb doc 1.9Mb Flavors: r-devel-linux-x86_64-fedora-clang, r-devel-windows-x86_64, r-release-macos-arm64, r-release-macos-x86_64, r-release-windows-x86_64, r-oldrel-macos-arm64, r-oldrel-windows-x86_64