CRAN Package Check Results for Package clean

Last updated on 2024-06-15 18:57:44 CEST.

Flavor Version Tinstall Tcheck Ttotal Status Flags
r-devel-linux-x86_64-debian-clang 2.0.0 3.85 26.31 30.16 NOTE
r-devel-linux-x86_64-debian-gcc 2.0.0 2.60 20.78 23.38 NOTE
r-devel-linux-x86_64-fedora-clang 2.0.0 38.62 NOTE
r-devel-linux-x86_64-fedora-gcc 2.0.0 36.87 NOTE
r-devel-windows-x86_64 2.0.0 4.00 31.00 35.00 NOTE
r-patched-linux-x86_64 2.0.0 3.31 25.77 29.08 NOTE
r-release-linux-x86_64 2.0.0 3.49 25.89 29.38 NOTE
r-release-macos-arm64 2.0.0 15.00 NOTE
r-release-macos-x86_64 2.0.0 21.00 NOTE
r-release-windows-x86_64 2.0.0 5.00 33.00 38.00 NOTE
r-oldrel-macos-arm64 2.0.0 17.00 NOTE
r-oldrel-macos-x86_64 2.0.0 20.00 NOTE
r-oldrel-windows-x86_64 2.0.0 5.00 37.00 42.00 NOTE

Check Details

Version: 2.0.0
Check: LazyData
Result: NOTE 'LazyData' is specified without a 'data' directory Flavors: r-devel-linux-x86_64-debian-clang, r-devel-linux-x86_64-debian-gcc, r-devel-linux-x86_64-fedora-clang, r-devel-linux-x86_64-fedora-gcc, r-devel-windows-x86_64, r-patched-linux-x86_64, r-release-linux-x86_64, r-release-macos-arm64, r-release-macos-x86_64, r-release-windows-x86_64, r-oldrel-macos-arm64, r-oldrel-macos-x86_64, r-oldrel-windows-x86_64