CRAN Package Check Results for Package cld2

Last updated on 2021-09-25 01:50:13 CEST.

Flavor Version Tinstall Tcheck Ttotal Status Flags
r-devel-linux-x86_64-debian-clang 1.2.1 36.03 27.83 63.86 NOTE
r-devel-linux-x86_64-debian-gcc 1.2.1 23.80 22.36 46.16 NOTE
r-devel-linux-x86_64-fedora-clang 1.2.1 100.76 NOTE
r-devel-linux-x86_64-fedora-gcc 1.2.1 78.20 NOTE
r-devel-windows-x86_64 1.2.1 37.00 44.00 81.00 NOTE
r-devel-windows-x86_64-gcc10-UCRT 1.2.1 NOTE
r-patched-linux-x86_64 1.2.1 28.02 27.19 55.21 NOTE
r-patched-solaris-x86 1.2.1 91.30 NOTE
r-release-linux-x86_64 1.2.1 27.78 27.75 55.53 NOTE
r-release-macos-arm64 1.2.1 NOTE
r-release-macos-x86_64 1.2.1 NOTE
r-release-windows-ix86+x86_64 1.2.1 87.00 56.00 143.00 NOTE
r-oldrel-macos-x86_64 1.2.1 OK
r-oldrel-windows-ix86+x86_64 1.2.1 90.00 63.00 153.00 NOTE

Check Details

Version: 1.2.1
Check: LazyData
Result: NOTE
     'LazyData' is specified without a 'data' directory
Flavors: r-devel-linux-x86_64-debian-clang, r-devel-linux-x86_64-debian-gcc, r-devel-linux-x86_64-fedora-clang, r-devel-linux-x86_64-fedora-gcc, r-devel-windows-x86_64, r-devel-windows-x86_64-gcc10-UCRT, r-patched-linux-x86_64, r-patched-solaris-x86, r-release-linux-x86_64, r-release-macos-arm64, r-release-macos-x86_64, r-release-windows-ix86+x86_64

Version: 1.2.1
Check: installed package size
Result: NOTE
     installed size is 5.4Mb
     sub-directories of 1Mb or more:
     libs 5.4Mb
Flavors: r-release-windows-ix86+x86_64, r-oldrel-windows-ix86+x86_64