CRAN Package Check Results for Package clValid

Last updated on 2023-05-30 06:57:26 CEST.

Flavor Version Tinstall Tcheck Ttotal Status Flags
r-devel-linux-x86_64-debian-clang 0.7 3.30 133.19 136.49 OK
r-devel-linux-x86_64-debian-gcc 0.7 3.60 98.31 101.91 OK
r-devel-linux-x86_64-fedora-clang 0.7 169.01 OK
r-devel-linux-x86_64-fedora-gcc 0.7 178.72 OK
r-devel-windows-x86_64 0.7 6.00 137.00 143.00 OK
r-patched-linux-x86_64 0.7 6.27 128.97 135.24 OK
r-release-linux-x86_64 0.7 5.33 127.20 132.53 OK
r-release-macos-arm64 0.7 40.00 NOTE
r-release-macos-x86_64 0.7 64.00 NOTE
r-release-windows-x86_64 0.7 7.00 156.00 163.00 OK
r-oldrel-macos-arm64 0.7 53.00 OK
r-oldrel-macos-x86_64 0.7 85.00 OK
r-oldrel-windows-x86_64 0.7 9.00 157.00 166.00 OK

Check Details

Version: 0.7
Check: package dependencies
Result: NOTE
    Package suggested but not available for checking: ‘moe430a.db’
Flavors: r-release-macos-arm64, r-release-macos-x86_64

Version: 0.7
Check: re-building of vignette outputs
Result: NOTE
    Error(s) in re-building vignettes:
    --- re-building ‘clValid.Rnw’ using Sweave
    Loading required package: cluster
    Read 7 items
    
    Attaching package: ‘BiocGenerics’
    
    The following objects are masked from ‘package:stats’:
    
     IQR, mad, sd, var, xtabs
    
    The following objects are masked from ‘package:base’:
    
     Filter, Find, Map, Position, Reduce, anyDuplicated, aperm, append,
     as.data.frame, basename, cbind, colnames, dirname, do.call,
     duplicated, eval, evalq, get, grep, grepl, intersect, is.unsorted,
     lapply, mapply, match, mget, order, paste, pmax, pmax.int, pmin,
     pmin.int, rank, rbind, rownames, sapply, setdiff, sort, table,
     tapply, union, unique, unsplit, which.max, which.min
    
    Welcome to Bioconductor
    
     Vignettes contain introductory material; view with
     'browseVignettes()'. To cite Bioconductor, see
     'citation("Biobase")', and for packages 'citation("pkgname")'.
    
    
    Attaching package: ‘S4Vectors’
    
    The following object is masked from ‘package:utils’:
    
     findMatches
    
    The following objects are masked from ‘package:base’:
    
     I, expand.grid, unname
    
    Warning: replacing previous import ‘utils::findMatches’ by ‘S4Vectors::findMatches’ when loading ‘AnnotationDbi’
    
    Loading required package: RankAggreg
    Error: processing vignette 'clValid.Rnw' failed with diagnostics:
    Running 'texi2dvi' on 'clValid.tex' failed.
    LaTeX errors:
    ! LaTeX Error: File `relsize.sty' not found.
    
    Type X to quit or <RETURN> to proceed,
    or enter new name. (Default extension: sty)
    
    ! Emergency stop.
    <read *>
    
    l.28 \usepackage
     [mathcal]{euscript}^^M
    ! ==> Fatal error occurred, no output PDF file produced!
    --- failed re-building ‘clValid.Rnw’
    
    SUMMARY: processing the following file failed:
     ‘clValid.Rnw’
    
    Error: Vignette re-building failed.
    Execution halted
Flavor: r-release-macos-x86_64