CRAN Package Check Results for Package civis

Last updated on 2022-10-05 21:53:30 CEST.

Flavor Version Tinstall Tcheck Ttotal Status Flags
r-devel-linux-x86_64-debian-clang 3.0.0 24.13 232.54 256.67 NOTE
r-devel-linux-x86_64-debian-gcc 3.0.0 19.96 170.63 190.59 NOTE
r-devel-linux-x86_64-fedora-clang 3.0.0 346.11 NOTE
r-devel-linux-x86_64-fedora-gcc 3.0.0 418.99 NOTE
r-devel-windows-x86_64 3.0.0 243.00 431.00 674.00 NOTE
r-patched-linux-x86_64 3.0.0 45.12 192.75 237.87 NOTE
r-release-linux-x86_64 3.0.0 23.51 191.37 214.88 NOTE
r-release-macos-arm64 3.0.0 101.00 NOTE
r-release-macos-x86_64 3.0.0 155.00 NOTE
r-release-windows-x86_64 3.0.0 268.00 270.00 538.00 NOTE
r-oldrel-macos-arm64 3.0.0 194.00 NOTE
r-oldrel-macos-x86_64 3.0.0 197.00 NOTE
r-oldrel-windows-ix86+x86_64 3.0.0 46.00 216.00 262.00 NOTE

Check Details

Version: 3.0.0
Check: LazyData
Result: NOTE
     'LazyData' is specified without a 'data' directory
Flavors: r-devel-linux-x86_64-debian-clang, r-devel-linux-x86_64-debian-gcc, r-devel-linux-x86_64-fedora-clang, r-devel-linux-x86_64-fedora-gcc, r-devel-windows-x86_64, r-patched-linux-x86_64, r-release-linux-x86_64, r-release-macos-arm64, r-release-macos-x86_64, r-release-windows-x86_64, r-oldrel-macos-arm64, r-oldrel-macos-x86_64, r-oldrel-windows-ix86+x86_64