CRAN Package Check Results for Package citationchaser

Last updated on 2022-10-07 00:49:17 CEST.

Flavor Version Tinstall Tcheck Ttotal Status Flags
r-devel-linux-x86_64-debian-clang 0.0.4 12.88 113.49 126.37 OK
r-devel-linux-x86_64-debian-gcc 0.0.4 9.33 82.23 91.56 OK
r-devel-linux-x86_64-fedora-clang 0.0.4 175.02 NOTE
r-devel-linux-x86_64-fedora-gcc 0.0.4 154.69 NOTE
r-devel-windows-x86_64 0.0.4 510.00 124.00 634.00 OK
r-patched-linux-x86_64 0.0.4 11.83 102.40 114.23 OK
r-release-linux-x86_64 0.0.4 12.49 105.63 118.12 OK
r-release-macos-arm64 0.0.4 44.00 NOTE
r-release-macos-x86_64 0.0.4 72.00 NOTE
r-release-windows-x86_64 0.0.4 37.00 132.00 169.00 OK
r-oldrel-macos-arm64 0.0.4 29.00 NOTE
r-oldrel-macos-x86_64 0.0.4 57.00 NOTE
r-oldrel-windows-ix86+x86_64 0.0.4 31.00 121.00 152.00 OK

Check Details

Version: 0.0.4
Check: dependencies in R code
Result: NOTE
    Namespace in Imports field not imported from: ‘networkD3’
     All declared Imports should be used.
Flavors: r-devel-linux-x86_64-fedora-clang, r-devel-linux-x86_64-fedora-gcc, r-release-macos-arm64, r-release-macos-x86_64, r-oldrel-macos-arm64, r-oldrel-macos-x86_64