CRAN Package Check Results for Package cifti

Last updated on 2021-08-01 13:49:27 CEST.

Flavor Version Tinstall Tcheck Ttotal Status Flags
r-devel-linux-x86_64-debian-clang 0.4.5 6.44 55.68 62.12 NOTE
r-devel-linux-x86_64-debian-gcc 0.4.5 4.21 43.15 47.36 NOTE
r-devel-linux-x86_64-fedora-clang 0.4.5 84.41 NOTE
r-devel-linux-x86_64-fedora-gcc 0.4.5 73.20 NOTE
r-devel-windows-x86_64 0.4.5 10.00 81.00 91.00 NOTE
r-devel-windows-x86_64-gcc10-UCRT 0.4.5 NOTE
r-patched-linux-x86_64 0.4.5 NOTE
r-patched-solaris-x86 0.4.5 104.70 NOTE
r-release-linux-x86_64 0.4.5 5.67 54.55 60.22 NOTE
r-release-macos-arm64 0.4.5 NOTE
r-release-macos-x86_64 0.4.5 NOTE
r-release-windows-ix86+x86_64 0.4.5 14.00 78.00 92.00 NOTE
r-oldrel-macos-x86_64 0.4.5 OK
r-oldrel-windows-ix86+x86_64 0.4.5 12.00 79.00 91.00 OK

Check Details

Version: 0.4.5
Check: LazyData
Result: NOTE
     'LazyData' is specified without a 'data' directory
Flavors: r-devel-linux-x86_64-debian-clang, r-devel-linux-x86_64-debian-gcc, r-devel-linux-x86_64-fedora-clang, r-devel-linux-x86_64-fedora-gcc, r-devel-windows-x86_64, r-devel-windows-x86_64-gcc10-UCRT, r-patched-linux-x86_64, r-patched-solaris-x86, r-release-linux-x86_64, r-release-macos-arm64, r-release-macos-x86_64, r-release-windows-ix86+x86_64