CRAN Package Check Results for Package cicerone

Last updated on 2022-09-28 12:55:13 CEST.

Flavor Version Tinstall Tcheck Ttotal Status Flags
r-devel-linux-x86_64-debian-clang 1.0.4 4.53 39.62 44.15 NOTE
r-devel-linux-x86_64-debian-gcc 1.0.4 3.43 30.48 33.91 NOTE
r-devel-linux-x86_64-fedora-clang 1.0.4 66.72 NOTE
r-devel-linux-x86_64-fedora-gcc 1.0.4 61.89 NOTE
r-devel-windows-x86_64 1.0.4 8.00 73.00 81.00 NOTE
r-patched-linux-x86_64 1.0.4 3.58 37.29 40.87 NOTE
r-release-linux-x86_64 1.0.4 3.61 37.61 41.22 NOTE
r-release-macos-arm64 1.0.4 19.00 NOTE
r-release-macos-x86_64 1.0.4 36.00 NOTE
r-release-windows-x86_64 1.0.4 11.00 71.00 82.00 NOTE
r-oldrel-macos-arm64 1.0.4 26.00 NOTE
r-oldrel-macos-x86_64 1.0.4 36.00 NOTE
r-oldrel-windows-ix86+x86_64 1.0.4 12.00 63.00 75.00 NOTE

Check Details

Version: 1.0.4
Check: LazyData
Result: NOTE
     'LazyData' is specified without a 'data' directory
Flavors: r-devel-linux-x86_64-debian-clang, r-devel-linux-x86_64-debian-gcc, r-devel-linux-x86_64-fedora-clang, r-devel-linux-x86_64-fedora-gcc, r-devel-windows-x86_64, r-patched-linux-x86_64, r-release-linux-x86_64, r-release-macos-arm64, r-release-macos-x86_64, r-release-windows-x86_64, r-oldrel-macos-arm64, r-oldrel-macos-x86_64, r-oldrel-windows-ix86+x86_64

Version: 1.0.4
Check: dependencies in R code
Result: NOTE
    Namespace in Imports field not imported from: ‘R6’
     All declared Imports should be used.
Flavors: r-devel-linux-x86_64-fedora-clang, r-devel-linux-x86_64-fedora-gcc, r-release-macos-arm64, r-release-macos-x86_64, r-oldrel-macos-arm64, r-oldrel-macos-x86_64