CRAN Package Check Results for Package chronosphere

Last updated on 2021-06-20 13:48:50 CEST.

Flavor Version Tinstall Tcheck Ttotal Status Flags
r-devel-linux-x86_64-debian-clang 0.4.1 29.20 175.77 204.97 OK
r-devel-linux-x86_64-debian-gcc 0.4.1 25.86 134.96 160.82 OK
r-devel-linux-x86_64-fedora-clang 0.4.1 258.98 OK
r-devel-linux-x86_64-fedora-gcc 0.4.1 251.13 OK
r-devel-windows-x86_64 0.4.1 47.00 223.00 270.00 OK
r-devel-windows-x86_64-gcc10-UCRT 0.4.1 OK
r-patched-linux-x86_64 0.4.1 32.51 171.08 203.59 OK
r-patched-solaris-x86 0.4.1 313.40 OK
r-release-linux-x86_64 0.4.1 28.57 172.68 201.25 OK
r-release-macos-arm64 0.4.1 ERROR
r-release-macos-x86_64 0.4.1 OK
r-release-windows-ix86+x86_64 0.4.1 56.00 216.00 272.00 OK
r-oldrel-macos-x86_64 0.4.1 OK
r-oldrel-windows-ix86+x86_64 0.4.1 40.00 226.00 266.00 OK

Check Details

Version: 0.4.1
Check: package dependencies
Result: NOTE
    Package suggested but not available for checking: ‘rgdal’
Flavor: r-release-macos-arm64

Version: 0.4.1
Check: examples
Result: ERROR
    Running examples in ‘chronosphere-Ex.R’ failed
    The error most likely occurred in:
    
    > ### Name: mapedge
    > ### Title: Function to quickly draft the edge of the equirectangular
    > ### projection
    > ### Aliases: mapedge
    >
    > ### ** Examples
    >
    > # requires rgdal
    > edge <- mapedge()
    > molledge <- spTransform(edge, CRS("+proj=moll"))
    Error in spTransform(edge, CRS("+proj=moll")) :
     package rgdal is required for spTransform methods
    Calls: spTransform -> spTransform
    Execution halted
Flavor: r-release-macos-arm64

Version: 0.4.1
Check: re-building of vignette outputs
Result: WARN
    Error(s) in re-building vignettes:
     ...
    --- re-building ‘chronosphere.Rmd’ using rmarkdown
    Warning in engine$weave(file, quiet = quiet, encoding = enc) :
     Pandoc (>= 1.12.3) not available. Falling back to R Markdown v1.
    Quitting from lines 354-365 (chronosphere.Rmd)
    Error: processing vignette 'chronosphere.Rmd' failed with diagnostics:
    This method requires the 'rgdal' package to run.
    --- failed re-building ‘chronosphere.Rmd’
    
    SUMMARY: processing the following file failed:
     ‘chronosphere.Rmd’
    
    Error: Vignette re-building failed.
    Execution halted
Flavor: r-release-macos-arm64