CRAN Package Check Results for Package cheatR

Last updated on 2021-06-23 22:54:11 CEST.

Flavor Version Tinstall Tcheck Ttotal Status Flags
r-devel-linux-x86_64-debian-clang 1.2.1 3.88 43.34 47.22 NOTE
r-devel-linux-x86_64-debian-gcc 1.2.1 2.64 33.24 35.88 NOTE
r-devel-linux-x86_64-fedora-clang 1.2.1 64.87 NOTE
r-devel-linux-x86_64-fedora-gcc 1.2.1 55.20 NOTE
r-devel-windows-x86_64 1.2.1 5.00 60.00 65.00 NOTE
r-devel-windows-x86_64-gcc10-UCRT 1.2.1 ERROR
r-patched-linux-x86_64 1.2.1 7.61 41.01 48.62 NOTE
r-patched-solaris-x86 1.2.1 88.40 NOTE
r-release-linux-x86_64 1.2.1 2.35 41.31 43.66 NOTE
r-release-macos-arm64 1.2.1 NOTE
r-release-macos-x86_64 1.2.1 NOTE
r-release-windows-ix86+x86_64 1.2.1 5.00 49.00 54.00 NOTE
r-oldrel-macos-x86_64 1.2.1 OK

Check Details

Version: 1.2.1
Check: LazyData
Result: NOTE
     'LazyData' is specified without a 'data' directory
Flavors: r-devel-linux-x86_64-debian-clang, r-devel-linux-x86_64-debian-gcc, r-devel-linux-x86_64-fedora-clang, r-devel-linux-x86_64-fedora-gcc, r-devel-windows-x86_64, r-patched-linux-x86_64, r-patched-solaris-x86, r-release-linux-x86_64, r-release-macos-arm64, r-release-macos-x86_64, r-release-windows-ix86+x86_64

Version: 1.2.1
Check: package dependencies
Result: ERROR
    Package required but not available: 'textreadr'
    
    Package suggested but not available for checking: 'devtools'
    
    See section 'The DESCRIPTION file' in the 'Writing R Extensions'
    manual.
Flavor: r-devel-windows-x86_64-gcc10-UCRT