CRAN Package Check Results for Package chantrics

Last updated on 2022-09-29 00:52:44 CEST.

Flavor Version Tinstall Tcheck Ttotal Status Flags
r-devel-linux-x86_64-debian-clang 1.0.0 2.84 134.36 137.20 OK
r-devel-linux-x86_64-debian-gcc 1.0.0 2.75 97.82 100.57 OK
r-devel-linux-x86_64-fedora-clang 1.0.0 185.49 NOTE
r-devel-linux-x86_64-fedora-gcc 1.0.0 184.17 NOTE
r-devel-windows-x86_64 1.0.0 18.00 164.00 182.00 OK
r-patched-linux-x86_64 1.0.0 3.16 122.41 125.57 OK
r-release-linux-x86_64 1.0.0 3.46 121.36 124.82 OK
r-release-macos-arm64 1.0.0 45.00 NOTE
r-release-macos-x86_64 1.0.0 78.00 NOTE
r-release-windows-x86_64 1.0.0 28.00 154.00 182.00 OK
r-oldrel-macos-arm64 1.0.0 50.00 NOTE
r-oldrel-macos-x86_64 1.0.0 68.00 NOTE
r-oldrel-windows-ix86+x86_64 1.0.0 9.00 152.00 161.00 OK

Check Details

Version: 1.0.0
Check: dependencies in R code
Result: NOTE
    Namespaces in Imports field not imported from:
     ‘AER’ ‘graphics’ ‘lmtest’
     All declared Imports should be used.
Flavors: r-devel-linux-x86_64-fedora-clang, r-devel-linux-x86_64-fedora-gcc, r-release-macos-arm64, r-release-macos-x86_64, r-oldrel-macos-arm64, r-oldrel-macos-x86_64