CRAN Package Check Results for Package changepoints

Last updated on 2023-09-30 00:56:01 CEST.

Flavor Version Tinstall Tcheck Ttotal Status Flags
r-devel-linux-x86_64-debian-clang 1.1.0 167.02 461.12 628.14 OK
r-devel-linux-x86_64-debian-gcc 1.1.0 119.37 331.66 451.03 OK
r-devel-linux-x86_64-fedora-clang 1.1.0 858.67 OK
r-devel-linux-x86_64-fedora-gcc 1.1.0 818.02 OK
r-devel-windows-x86_64 1.1.0 124.00 355.00 479.00 OK
r-patched-linux-x86_64 1.1.0 172.08 440.59 612.67 OK
r-release-linux-x86_64 1.1.0 160.78 436.00 596.78 OK
r-release-macos-arm64 1.1.0 212.00 NOTE
r-release-macos-x86_64 1.1.0 351.00 NOTE
r-release-windows-x86_64 1.1.0 162.00 449.00 611.00 OK
r-oldrel-macos-arm64 1.1.0 183.00 NOTE
r-oldrel-macos-x86_64 1.1.0 239.00 NOTE
r-oldrel-windows-x86_64 1.1.0 153.00 437.00 590.00 OK

Check Details

Version: 1.1.0
Check: installed package size
Result: NOTE
     installed size is 6.3Mb
     sub-directories of 1Mb or more:
     libs 5.8Mb
Flavors: r-release-macos-arm64, r-release-macos-x86_64, r-oldrel-macos-arm64, r-oldrel-macos-x86_64