CRAN Package Check Results for Package censReg

Last updated on 2021-11-26 19:52:45 CET.

Flavor Version Tinstall Tcheck Ttotal Status Flags
r-devel-linux-x86_64-debian-clang 0.5-32 4.58 96.38 100.96 OK
r-devel-linux-x86_64-debian-gcc 0.5-32 4.53 69.22 73.75 OK
r-devel-linux-x86_64-fedora-clang 0.5-32 134.61 NOTE
r-devel-linux-x86_64-fedora-gcc 0.5-32 130.85 OK
r-devel-windows-x86_64-new-UL 0.5-32 12.00 168.00 180.00 OK
r-devel-windows-x86_64-new-TK 0.5-32 OK
r-devel-windows-x86_64-old 0.5-32 7.00 127.00 134.00 OK
r-patched-linux-x86_64 0.5-32 5.51 86.54 92.05 OK
r-patched-solaris-x86 0.5-32 168.50 OK
r-release-linux-x86_64 0.5-32 OK
r-release-macos-arm64 0.5-32 OK
r-release-macos-x86_64 0.5-32 OK
r-release-windows-ix86+x86_64 0.5-32 13.00 115.00 128.00 OK
r-oldrel-macos-x86_64 0.5-32 OK
r-oldrel-windows-ix86+x86_64 0.5-32 9.00 128.00 137.00 OK

Check Details

Version: 0.5-32
Check: Rd cross-references
Result: NOTE
    Undeclared package ‘sampleSelection’ in Rd xrefs
Flavor: r-devel-linux-x86_64-fedora-clang