CRAN Package Check Results for Package cdcatR

Last updated on 2022-11-30 06:53:25 CET.

Flavor Version Tinstall Tcheck Ttotal Status Flags
r-devel-linux-x86_64-debian-clang 1.0.6 6.03 49.67 55.70 NOTE
r-devel-linux-x86_64-debian-gcc 1.0.6 4.90 37.78 42.68 NOTE
r-devel-linux-x86_64-fedora-clang 1.0.6 83.11 NOTE
r-devel-linux-x86_64-fedora-gcc 1.0.6 80.63 NOTE
r-devel-windows-x86_64 1.0.6 15.00 81.00 96.00 NOTE
r-patched-linux-x86_64 1.0.6 4.38 46.61 50.99 OK
r-release-linux-x86_64 1.0.6 5.29 48.12 53.41 OK
r-release-macos-arm64 1.0.6 25.00 OK
r-release-macos-x86_64 1.0.6 32.00 OK
r-release-windows-x86_64 1.0.6 22.00 76.00 98.00 OK
r-oldrel-macos-arm64 1.0.6 25.00 OK
r-oldrel-macos-x86_64 1.0.6 30.00 OK
r-oldrel-windows-ix86+x86_64 1.0.6 14.00 77.00 91.00 OK

Check Details

Version: 1.0.6
Check: package subdirectories
Result: NOTE
    Problems with news in 'NEWS.md':
    No news entries found.
Flavors: r-devel-linux-x86_64-debian-clang, r-devel-linux-x86_64-debian-gcc, r-devel-linux-x86_64-fedora-clang, r-devel-linux-x86_64-fedora-gcc, r-devel-windows-x86_64