CRAN Package Check Results for Package cctools

Last updated on 2022-10-01 01:49:00 CEST.

Flavor Version Tinstall Tcheck Ttotal Status Flags
r-devel-linux-x86_64-debian-clang 0.1.2 40.75 89.40 130.15 NOTE
r-devel-linux-x86_64-debian-gcc 0.1.2 26.25 67.30 93.55 NOTE
r-devel-linux-x86_64-fedora-clang 0.1.2 181.25 NOTE
r-devel-linux-x86_64-fedora-gcc 0.1.2 163.29 NOTE
r-devel-windows-x86_64 0.1.2 40.00 131.00 171.00 NOTE
r-patched-linux-x86_64 0.1.2 33.50 85.17 118.67 NOTE
r-release-linux-x86_64 0.1.2 32.17 83.23 115.40 NOTE
r-release-macos-arm64 0.1.2 45.00 NOTE
r-release-macos-x86_64 0.1.2 61.00 NOTE
r-release-windows-x86_64 0.1.2 37.00 128.00 165.00 NOTE
r-oldrel-macos-arm64 0.1.2 52.00 NOTE
r-oldrel-macos-x86_64 0.1.2 86.00 NOTE
r-oldrel-windows-ix86+x86_64 0.1.2 89.00 153.00 242.00 NOTE

Check Details

Version: 0.1.2
Check: LazyData
Result: NOTE
     'LazyData' is specified without a 'data' directory
Flavors: r-devel-linux-x86_64-debian-clang, r-devel-linux-x86_64-debian-gcc, r-devel-linux-x86_64-fedora-clang, r-devel-linux-x86_64-fedora-gcc, r-devel-windows-x86_64, r-patched-linux-x86_64, r-release-linux-x86_64, r-release-macos-arm64, r-release-macos-x86_64, r-release-windows-x86_64, r-oldrel-macos-arm64, r-oldrel-macos-x86_64, r-oldrel-windows-ix86+x86_64