CRAN Package Check Results for Package ccTensor

Last updated on 2021-11-26 19:52:45 CET.

Flavor Version Tinstall Tcheck Ttotal Status Flags
r-devel-linux-x86_64-debian-clang 1.0.2 3.42 41.34 44.76 OK
r-devel-linux-x86_64-debian-gcc 1.0.2 2.51 31.00 33.51 OK
r-devel-linux-x86_64-fedora-clang 1.0.2 63.38 NOTE
r-devel-linux-x86_64-fedora-gcc 1.0.2 53.33 NOTE
r-devel-windows-x86_64-new-UL 1.0.2 8.00 80.00 88.00 OK
r-devel-windows-x86_64-new-TK 1.0.2 NOTE
r-devel-windows-x86_64-old 1.0.2 5.00 57.00 62.00 OK
r-patched-linux-x86_64 1.0.2 3.05 38.01 41.06 OK
r-patched-solaris-x86 1.0.2 83.20 NOTE
r-release-linux-x86_64 1.0.2 OK
r-release-macos-arm64 1.0.2 NOTE
r-release-macos-x86_64 1.0.2 NOTE
r-release-windows-ix86+x86_64 1.0.2 8.00 53.00 61.00 OK

Check Details

Version: 1.0.2
Check: dependencies in R code
Result: NOTE
    Namespace in Imports field not imported from: ‘fields’
     All declared Imports should be used.
Flavors: r-devel-linux-x86_64-fedora-clang, r-devel-linux-x86_64-fedora-gcc, r-devel-windows-x86_64-new-TK, r-patched-solaris-x86, r-release-macos-arm64, r-release-macos-x86_64