CRAN Package Check Results for Package cbq

Last updated on 2024-02-22 06:51:34 CET.

Flavor Version Tinstall Tcheck Ttotal Status Flags
r-devel-linux-x86_64-debian-clang 0.2.0.3 NOTE
r-devel-linux-x86_64-debian-gcc 0.2.0.3 1665.73 267.11 1932.84 NOTE
r-devel-linux-x86_64-fedora-clang 0.2.0.3 2537.38 NOTE
r-devel-linux-x86_64-fedora-gcc 0.2.0.3 3571.12 NOTE
r-devel-windows-x86_64 0.2.0.3 1386.00 291.00 1677.00 NOTE
r-patched-linux-x86_64 0.2.0.3 1472.22 350.70 1822.92 NOTE
r-release-linux-x86_64 0.2.0.3 0.01 1.92 1.93 ERROR
r-release-macos-arm64 0.2.0.3 676.00 NOTE
r-release-macos-x86_64 0.2.0.3 1113.00 NOTE
r-release-windows-x86_64 0.2.0.3 1746.00 375.00 2121.00 NOTE
r-oldrel-macos-arm64 0.2.0.3 718.00 NOTE
r-oldrel-windows-x86_64 0.2.0.3 1662.00 321.00 1983.00 NOTE

Check Details

Version: 0.2.0.3
Check: for GNU extensions in Makefiles
Result: NOTE GNU make is a SystemRequirements. Flavors: r-devel-linux-x86_64-debian-clang, r-devel-linux-x86_64-debian-gcc, r-devel-linux-x86_64-fedora-clang, r-devel-linux-x86_64-fedora-gcc, r-devel-windows-x86_64, r-patched-linux-x86_64, r-release-macos-arm64, r-release-macos-x86_64, r-release-windows-x86_64, r-oldrel-macos-arm64, r-oldrel-windows-x86_64

Version: 0.2.0.3
Check: installed package size
Result: NOTE installed size is 16.1Mb sub-directories of 1Mb or more: libs 15.6Mb Flavors: r-devel-linux-x86_64-fedora-clang, r-devel-windows-x86_64, r-release-macos-arm64, r-release-macos-x86_64, r-release-windows-x86_64, r-oldrel-macos-arm64, r-oldrel-windows-x86_64

Version: 0.2.0.3
Check: whether package can be installed
Result: ERROR Installation failed. Flavor: r-release-linux-x86_64