CRAN Package Check Results for Package causaloptim

Last updated on 2021-06-19 01:50:14 CEST.

Flavor Version Tinstall Tcheck Ttotal Status Flags
r-devel-linux-x86_64-debian-clang 0.8.2 37.12 121.65 158.77 OK
r-devel-linux-x86_64-debian-gcc 0.8.2 22.95 90.70 113.65 OK
r-devel-linux-x86_64-fedora-clang 0.8.2 201.43 OK
r-devel-linux-x86_64-fedora-gcc 0.8.2 183.89 OK
r-devel-windows-x86_64 0.8.2 48.00 121.00 169.00 OK
r-devel-windows-x86_64-gcc10-UCRT 0.8.2 OK
r-patched-linux-x86_64 0.8.2 30.48 115.15 145.63 OK
r-patched-solaris-x86 0.8.2 216.30 OK
r-release-linux-x86_64 0.8.2 26.73 115.31 142.04 OK
r-release-macos-arm64 0.8.2 NOTE
r-release-macos-x86_64 0.8.2 NOTE
r-release-windows-ix86+x86_64 0.8.2 63.00 173.00 236.00 NOTE
r-oldrel-macos-x86_64 0.8.2 NOTE
r-oldrel-windows-ix86+x86_64 0.8.2 65.00 214.00 279.00 NOTE

Check Details

Version: 0.8.2
Check: installed package size
Result: NOTE
     installed size is 5.6Mb
     sub-directories of 1Mb or more:
     doc 1.9Mb
     libs 2.5Mb
Flavors: r-release-macos-arm64, r-release-macos-x86_64, r-release-windows-ix86+x86_64, r-oldrel-macos-x86_64, r-oldrel-windows-ix86+x86_64