CRAN Package Check Results for Package causalDisco

Last updated on 2022-09-29 21:49:01 CEST.

Flavor Version Tinstall Tcheck Ttotal Status Flags
r-devel-linux-x86_64-debian-clang 0.9.1 8.13 80.64 88.77 NOTE
r-devel-linux-x86_64-debian-gcc 0.9.1 7.34 61.36 68.70 NOTE
r-devel-linux-x86_64-fedora-clang 0.9.1 128.44 NOTE
r-devel-linux-x86_64-fedora-gcc 0.9.1 114.91 NOTE
r-devel-windows-x86_64 0.9.1 13.00 108.00 121.00 NOTE
r-patched-linux-x86_64 0.9.1 8.13 77.01 85.14 OK
r-release-linux-x86_64 0.9.1 9.10 76.30 85.40 OK
r-release-macos-arm64 0.9.1 35.00 OK
r-release-macos-x86_64 0.9.1 47.00 OK
r-release-windows-x86_64 0.9.1 56.00 102.00 158.00 OK
r-oldrel-macos-arm64 0.9.1 34.00 OK
r-oldrel-macos-x86_64 0.9.1 44.00 OK
r-oldrel-windows-ix86+x86_64 0.9.1 22.00 103.00 125.00 OK

Check Details

Version: 0.9.1
Check: Rd files
Result: NOTE
    checkRd: (-1) tpcExample.Rd:30: Escaped LaTeX specials: \&
Flavors: r-devel-linux-x86_64-debian-clang, r-devel-linux-x86_64-debian-gcc, r-devel-linux-x86_64-fedora-clang, r-devel-linux-x86_64-fedora-gcc, r-devel-windows-x86_64

Version: 0.9.1
Check: Rd cross-references
Result: NOTE
    Undeclared package ‘graph’ in Rd xrefs
Flavor: r-devel-linux-x86_64-fedora-clang