Last updated on 2023-09-27 21:01:19 CEST.
Flavor | Version | Tinstall | Tcheck | Ttotal | Status | Flags |
---|---|---|---|---|---|---|
r-devel-linux-x86_64-debian-clang | 0.5.3 | 17.55 | 152.59 | 170.14 | OK | |
r-devel-linux-x86_64-debian-gcc | 0.5.3 | 15.43 | 119.60 | 135.03 | OK | |
r-devel-linux-x86_64-fedora-clang | 0.5.3 | 216.45 | NOTE | |||
r-devel-linux-x86_64-fedora-gcc | 0.5.3 | 345.54 | OK | |||
r-devel-windows-x86_64 | 0.5.3 | 34.00 | 286.00 | 320.00 | OK | |
r-patched-linux-x86_64 | 0.5.3 | 11.08 | 139.21 | 150.29 | OK | |
r-release-linux-x86_64 | 0.5.3 | 10.64 | 136.76 | 147.40 | OK | |
r-release-macos-arm64 | 0.5.3 | 111.00 | OK | |||
r-release-macos-x86_64 | 0.5.3 | 231.00 | OK | |||
r-release-windows-x86_64 | 0.5.3 | 30.00 | 227.00 | 257.00 | OK | |
r-oldrel-macos-arm64 | 0.5.3 | 77.00 | OK | |||
r-oldrel-macos-x86_64 | 0.5.3 | 97.00 | OK | |||
r-oldrel-windows-x86_64 | 0.5.3 | 32.00 | 231.00 | 263.00 | OK |
Version: 0.5.3
Check: Rd cross-references
Result: NOTE
Undeclared packages ‘extraDistr’, ‘mvtnorm’ in Rd xrefs
Flavor: r-devel-linux-x86_64-fedora-clang