CRAN Package Check Results for Package catdata

Last updated on 2021-09-25 07:49:28 CEST.

Flavor Version Tinstall Tcheck Ttotal Status Flags
r-devel-linux-x86_64-debian-clang 1.2.2 2.61 387.73 390.34 NOTE
r-devel-linux-x86_64-debian-gcc 1.2.2 1.91 298.66 300.57 NOTE
r-devel-linux-x86_64-fedora-clang 1.2.2 493.52 NOTE
r-devel-linux-x86_64-fedora-gcc 1.2.2 471.22 NOTE
r-devel-windows-x86_64 1.2.2 6.00 666.00 672.00 OK
r-devel-windows-x86_64-gcc10-UCRT 1.2.2 NOTE
r-patched-linux-x86_64 1.2.2 4.13 140.98 145.11 NOTE
r-patched-solaris-x86 1.2.2 258.60 NOTE
r-release-linux-x86_64 1.2.2 3.90 140.30 144.20 NOTE
r-release-macos-arm64 1.2.2 NOTE
r-release-macos-x86_64 1.2.2 NOTE
r-release-windows-ix86+x86_64 1.2.2 11.00 467.00 478.00 OK
r-oldrel-macos-x86_64 1.2.2 OK
r-oldrel-windows-ix86+x86_64 1.2.2 19.00 207.00 226.00 OK

Check Details

Version: 1.2.2
Check: package dependencies
Result: NOTE
    Package suggested but not available for checking: 'GAMBoost'
Flavors: r-devel-linux-x86_64-debian-clang, r-devel-linux-x86_64-debian-gcc, r-devel-linux-x86_64-fedora-clang, r-devel-linux-x86_64-fedora-gcc, r-devel-windows-x86_64-gcc10-UCRT, r-patched-linux-x86_64, r-patched-solaris-x86, r-release-linux-x86_64, r-release-macos-arm64, r-release-macos-x86_64