CRAN Package Check Results for Package catSurv

Last updated on 2021-08-01 13:49:26 CEST.

Flavor Version Tinstall Tcheck Ttotal Status Flags
r-devel-linux-x86_64-debian-clang 1.3.0 236.27 131.44 367.71 NOTE
r-devel-linux-x86_64-debian-gcc 1.3.0 136.68 98.48 235.16 NOTE
r-devel-linux-x86_64-fedora-clang 1.3.0 503.74 NOTE
r-devel-linux-x86_64-fedora-gcc 1.3.0 434.87 NOTE
r-devel-windows-x86_64 1.3.0 211.00 171.00 382.00 NOTE
r-devel-windows-x86_64-gcc10-UCRT 1.3.0 NOTE
r-patched-linux-x86_64 1.3.0 NOTE
r-patched-solaris-x86 1.3.0 474.50 NOTE
r-release-linux-x86_64 1.3.0 161.64 126.61 288.25 NOTE
r-release-macos-arm64 1.3.0 NOTE
r-release-macos-x86_64 1.3.0 NOTE
r-release-windows-ix86+x86_64 1.3.0 520.00 187.00 707.00 NOTE
r-oldrel-macos-x86_64 1.3.0 NOTE
r-oldrel-windows-ix86+x86_64 1.3.0 390.00 259.00 649.00 NOTE

Check Details

Version: 1.3.0
Check: for GNU extensions in Makefiles
Result: NOTE
    GNU make is a SystemRequirements.
Flavors: r-devel-linux-x86_64-debian-clang, r-devel-linux-x86_64-debian-gcc, r-devel-linux-x86_64-fedora-clang, r-devel-linux-x86_64-fedora-gcc, r-devel-windows-x86_64, r-devel-windows-x86_64-gcc10-UCRT, r-patched-linux-x86_64, r-patched-solaris-x86, r-release-linux-x86_64, r-release-macos-arm64, r-release-macos-x86_64, r-release-windows-ix86+x86_64, r-oldrel-macos-x86_64, r-oldrel-windows-ix86+x86_64

Version: 1.3.0
Check: installed package size
Result: NOTE
     installed size is 7.0Mb
     sub-directories of 1Mb or more:
     libs 6.1Mb
Flavors: r-devel-linux-x86_64-fedora-clang, r-release-macos-arm64, r-release-macos-x86_64, r-oldrel-macos-x86_64