CRAN Package Check Results for Package cascadess

Last updated on 2021-06-16 07:49:44 CEST.

Flavor Version Tinstall Tcheck Ttotal Status Flags
r-devel-linux-x86_64-debian-clang 0.1.0 3.33 38.97 42.30 NOTE
r-devel-linux-x86_64-debian-gcc 0.1.0 2.05 30.86 32.91 NOTE
r-devel-linux-x86_64-fedora-clang 0.1.0 59.99 NOTE
r-devel-linux-x86_64-fedora-gcc 0.1.0 49.69 NOTE
r-devel-windows-x86_64 0.1.0 6.00 61.00 67.00 NOTE
r-devel-windows-x86_64-gcc10-UCRT 0.1.0 NOTE
r-patched-linux-x86_64 0.1.0 4.16 38.32 42.48 NOTE
r-patched-solaris-x86 0.1.0 81.10 NOTE
r-release-linux-x86_64 0.1.0 3.29 37.93 41.22 NOTE
r-release-macos-arm64 0.1.0 NOTE
r-release-macos-x86_64 0.1.0 NOTE
r-release-windows-ix86+x86_64 0.1.0 10.00 60.00 70.00 NOTE
r-oldrel-macos-x86_64 0.1.0 OK
r-oldrel-windows-ix86+x86_64 0.1.0 7.00 67.00 74.00 OK

Check Details

Version: 0.1.0
Check: LazyData
Result: NOTE
     'LazyData' is specified without a 'data' directory
Flavors: r-devel-linux-x86_64-debian-clang, r-devel-linux-x86_64-debian-gcc, r-devel-linux-x86_64-fedora-clang, r-devel-linux-x86_64-fedora-gcc, r-devel-windows-x86_64, r-devel-windows-x86_64-gcc10-UCRT, r-patched-linux-x86_64, r-patched-solaris-x86, r-release-linux-x86_64, r-release-macos-arm64, r-release-macos-x86_64, r-release-windows-ix86+x86_64