CRAN Package Check Results for Package casabourse

Last updated on 2022-10-06 21:49:48 CEST.

Flavor Version Tinstall Tcheck Ttotal Status Flags
r-devel-linux-x86_64-debian-clang 2.0.0 2.16 34.30 36.46 OK
r-devel-linux-x86_64-debian-gcc 2.0.0 1.93 26.47 28.40 OK
r-devel-linux-x86_64-fedora-clang 2.0.0 55.54 NOTE
r-devel-linux-x86_64-fedora-gcc 2.0.0 52.57 NOTE
r-devel-windows-x86_64 2.0.0 19.00 121.00 140.00 OK
r-patched-linux-x86_64 2.0.0 1.71 33.26 34.97 OK
r-release-linux-x86_64 2.0.0 2.07 33.53 35.60 OK
r-release-macos-arm64 2.0.0 76.00 NOTE
r-release-macos-x86_64 2.0.0 74.00 NOTE
r-release-windows-x86_64 2.0.0 20.00 76.00 96.00 OK
r-oldrel-macos-arm64 2.0.0 75.00 NOTE
r-oldrel-macos-x86_64 2.0.0 81.00 NOTE
r-oldrel-windows-ix86+x86_64 2.0.0 6.00 116.00 122.00 OK

Check Details

Version: 2.0.0
Check: dependencies in R code
Result: NOTE
    Namespace in Imports field not imported from: ‘R.utils’
     All declared Imports should be used.
Flavors: r-devel-linux-x86_64-fedora-clang, r-devel-linux-x86_64-fedora-gcc, r-release-macos-arm64, r-release-macos-x86_64, r-oldrel-macos-arm64, r-oldrel-macos-x86_64