CRAN Package Check Results for Package care

Last updated on 2021-10-18 13:53:51 CEST.

Flavor Version Tinstall Tcheck Ttotal Status Flags
r-devel-linux-x86_64-debian-clang 1.1.10 2.08 22.88 24.96 OK
r-devel-linux-x86_64-debian-gcc 1.1.10 1.61 18.46 20.07 OK
r-devel-linux-x86_64-fedora-clang 1.1.10 41.61 NOTE
r-devel-linux-x86_64-fedora-gcc 1.1.10 30.66 OK
r-devel-windows-x86_64 1.1.10 4.00 42.00 46.00 OK
r-devel-windows-x86_64-gcc10-UCRT 1.1.10 OK
r-patched-linux-x86_64 1.1.10 2.04 22.75 24.79 OK
r-patched-solaris-x86 1.1.10 52.80 OK
r-release-linux-x86_64 1.1.10 2.07 22.73 24.80 OK
r-release-macos-arm64 1.1.10 OK
r-release-macos-x86_64 1.1.10 OK
r-release-windows-ix86+x86_64 1.1.10 5.00 41.00 46.00 OK
r-oldrel-macos-x86_64 1.1.10 OK
r-oldrel-windows-ix86+x86_64 1.1.10 6.00 43.00 49.00 OK

Check Details

Version: 1.1.10
Check: Rd cross-references
Result: NOTE
    Undeclared package ‘sda’ in Rd xrefs
Flavor: r-devel-linux-x86_64-fedora-clang