CRAN Package Check Results for Package card

Last updated on 2024-04-18 12:52:39 CEST.

Flavor Version Tinstall Tcheck Ttotal Status Flags
r-devel-linux-x86_64-debian-clang 0.1.0 10.50 138.37 148.87 NOTE
r-devel-linux-x86_64-debian-gcc 0.1.0 9.70 101.62 111.32 NOTE
r-devel-linux-x86_64-fedora-clang 0.1.0 194.40 NOTE
r-devel-linux-x86_64-fedora-gcc 0.1.0 190.45 NOTE
r-prerel-macos-arm64 0.1.0 61.00 NOTE
r-prerel-windows-x86_64 0.1.0 11.00 119.00 130.00 NOTE
r-patched-linux-x86_64 0.1.0 10.97 132.28 143.25 NOTE
r-release-linux-x86_64 0.1.0 6.86 133.10 139.96 NOTE
r-release-macos-arm64 0.1.0 63.00 NOTE
r-release-macos-x86_64 0.1.0 101.00 NOTE
r-release-windows-x86_64 0.1.0 15.00 145.00 160.00 NOTE
r-oldrel-macos-arm64 0.1.0 53.00 NOTE
r-oldrel-windows-x86_64 0.1.0 15.00 144.00 159.00 OK

Check Details

Version: 0.1.0
Check: package subdirectories
Result: NOTE Problems with news in ‘NEWS.md’: No news entries found. Flavors: r-devel-linux-x86_64-debian-clang, r-devel-linux-x86_64-debian-gcc, r-devel-linux-x86_64-fedora-clang, r-devel-linux-x86_64-fedora-gcc, r-prerel-macos-arm64, r-prerel-windows-x86_64, r-patched-linux-x86_64, r-release-linux-x86_64, r-release-macos-arm64, r-release-macos-x86_64, r-release-windows-x86_64

Version: 0.1.0
Check: Rd files
Result: NOTE checkRd: (-1) zipcode.Rd:14: Lost braces; missing escapes or markup? 14 | This is a dataset from the archived/orphaned {zipcode} package. | ^ Flavors: r-devel-linux-x86_64-debian-clang, r-devel-linux-x86_64-debian-gcc, r-devel-linux-x86_64-fedora-clang, r-devel-linux-x86_64-fedora-gcc, r-prerel-macos-arm64, r-prerel-windows-x86_64, r-patched-linux-x86_64

Version: 0.1.0
Check: dependencies in R code
Result: NOTE Namespaces in Imports field not imported from: ‘Hmisc’ ‘methods’ ‘readr’ ‘recipes’ ‘sf’ ‘stringr’ ‘utils’ All declared Imports should be used. Flavors: r-devel-linux-x86_64-fedora-clang, r-devel-linux-x86_64-fedora-gcc, r-oldrel-macos-arm64