CRAN Package Check Results for Package capm

Last updated on 2022-09-27 00:50:58 CEST.

Flavor Version Tinstall Tcheck Ttotal Status Flags
r-devel-linux-x86_64-debian-clang 0.14.0 17.77 151.74 169.51 OK
r-devel-linux-x86_64-debian-gcc 0.14.0 14.03 112.80 126.83 OK
r-devel-linux-x86_64-fedora-clang 0.14.0 214.33 NOTE
r-devel-linux-x86_64-fedora-gcc 0.14.0 201.52 NOTE
r-devel-windows-x86_64 0.14.0 31.00 172.00 203.00 OK
r-patched-linux-x86_64 0.14.0 21.31 140.95 162.26 OK
r-release-linux-x86_64 0.14.0 16.12 139.59 155.71 OK
r-release-macos-arm64 0.14.0 52.00 NOTE
r-release-macos-x86_64 0.14.0 101.00 NOTE
r-release-windows-x86_64 0.14.0 23.00 166.00 189.00 OK
r-oldrel-macos-arm64 0.14.0 63.00 NOTE
r-oldrel-macos-x86_64 0.14.0 81.00 NOTE
r-oldrel-windows-ix86+x86_64 0.14.0 35.00 162.00 197.00 OK

Check Details

Version: 0.14.0
Check: data for non-ASCII characters
Result: NOTE
     Note: found 59 marked UTF-8 strings
Flavors: r-devel-linux-x86_64-fedora-clang, r-devel-linux-x86_64-fedora-gcc, r-release-macos-arm64, r-release-macos-x86_64, r-oldrel-macos-arm64, r-oldrel-macos-x86_64