CRAN Package Check Results for Package candisc

Last updated on 2021-08-01 13:49:26 CEST.

Flavor Version Tinstall Tcheck Ttotal Status Flags
r-devel-linux-x86_64-debian-clang 0.8-5 6.92 72.02 78.94 OK
r-devel-linux-x86_64-debian-gcc 0.8-5 6.06 53.15 59.21 OK
r-devel-linux-x86_64-fedora-clang 0.8-5 102.86 NOTE
r-devel-linux-x86_64-fedora-gcc 0.8-5 88.66 OK
r-devel-windows-x86_64 0.8-5 32.00 92.00 124.00 OK
r-devel-windows-x86_64-gcc10-UCRT 0.8-5 OK
r-patched-linux-x86_64 0.8-5 OK
r-patched-solaris-x86 0.8-5 123.70 OK
r-release-linux-x86_64 0.8-5 7.09 66.51 73.60 OK
r-release-macos-arm64 0.8-5 OK
r-release-macos-x86_64 0.8-5 OK
r-release-windows-ix86+x86_64 0.8-5 16.00 92.00 108.00 OK
r-oldrel-macos-x86_64 0.8-5 OK
r-oldrel-windows-ix86+x86_64 0.8-5 17.00 93.00 110.00 OK

Check Details

Version: 0.8-5
Check: Rd cross-references
Result: NOTE
    Undeclared packages ‘yacca’, ‘CCA’ in Rd xrefs
Flavor: r-devel-linux-x86_64-fedora-clang