CRAN Package Check Results for Package camtrapR

Last updated on 2021-06-23 13:51:41 CEST.

Flavor Version Tinstall Tcheck Ttotal Status Flags
r-devel-linux-x86_64-debian-clang 2.0.3 22.47 219.56 242.03 OK
r-devel-linux-x86_64-debian-gcc 2.0.3 15.62 162.82 178.44 OK
r-devel-linux-x86_64-fedora-clang 2.0.3 292.63 NOTE
r-devel-linux-x86_64-fedora-gcc 2.0.3 297.00 OK
r-devel-windows-x86_64 2.0.3 30.00 270.00 300.00 NOTE
r-devel-windows-x86_64-gcc10-UCRT 2.0.3 NOTE
r-patched-linux-x86_64 2.0.3 22.49 210.18 232.67 OK
r-patched-solaris-x86 2.0.3 286.30 NOTE --no-vignettes
r-release-linux-x86_64 2.0.3 19.91 209.14 229.05 OK
r-release-macos-arm64 2.0.3 WARN
r-release-macos-x86_64 2.0.3 NOTE
r-release-windows-ix86+x86_64 2.0.3 32.00 218.00 250.00 NOTE
r-oldrel-macos-x86_64 2.0.3 NOTE

Check Details

Version: 2.0.3
Check: installed package size
Result: NOTE
     installed size is 8.6Mb
     sub-directories of 1Mb or more:
     doc 4.0Mb
     pictures 4.0Mb
Flavors: r-devel-linux-x86_64-fedora-clang, r-devel-windows-x86_64, r-release-macos-arm64, r-release-macos-x86_64, r-release-windows-ix86+x86_64, r-oldrel-macos-x86_64

Version: 2.0.3
Check: Rd cross-references
Result: NOTE
    Undeclared package ‘plotrix’ in Rd xrefs
Flavor: r-devel-linux-x86_64-fedora-clang

Version: 2.0.3
Check: package dependencies
Result: NOTE
    Packages suggested but not available for checking: 'ritis', 'taxize'
Flavor: r-devel-windows-x86_64-gcc10-UCRT

Version: 2.0.3
Check: Rd cross-references
Result: NOTE
    Package unavailable to check Rd xrefs: 'taxize'
Flavor: r-devel-windows-x86_64-gcc10-UCRT

Version: 2.0.3
Flags: --no-vignettes
Check: installed package size
Result: NOTE
     installed size is 8.7Mb
     sub-directories of 1Mb or more:
     doc 4.2Mb
     pictures 3.7Mb
Flavor: r-patched-solaris-x86

Version: 2.0.3
Check: package dependencies
Result: NOTE
    Package suggested but not available for checking: ‘rgdal’
Flavor: r-release-macos-arm64

Version: 2.0.3
Check: re-building of vignette outputs
Result: WARN
    Error(s) in re-building vignettes:
    --- re-building ‘camtrapr1.Rmd’ using rmarkdown
    Warning in engine$weave(file, quiet = quiet, encoding = enc) :
     Pandoc (>= 1.12.3) not available. Falling back to R Markdown v1.
    --- finished re-building ‘camtrapr1.Rmd’
    
    --- re-building ‘camtrapr2.Rmd’ using rmarkdown
    Warning in engine$weave(file, quiet = quiet, encoding = enc) :
     Pandoc (>= 1.12.3) not available. Falling back to R Markdown v1.
    --- finished re-building ‘camtrapr2.Rmd’
    
    --- re-building ‘camtrapr3.Rmd’ using rmarkdown
    Warning in engine$weave(file, quiet = quiet, encoding = enc) :
     Pandoc (>= 1.12.3) not available. Falling back to R Markdown v1.
    This is secr 4.4.1. For overview type ?secr
    --- finished re-building ‘camtrapr3.Rmd’
    
    --- re-building ‘camtrapr4.Rmd’ using rmarkdown
    Warning in engine$weave(file, quiet = quiet, encoding = enc) :
     Pandoc (>= 1.12.3) not available. Falling back to R Markdown v1.
    Quitting from lines 92-95 (camtrapr4.Rmd)
    Error: processing vignette 'camtrapr4.Rmd' failed with diagnostics:
    there is no package called 'rgdal'
    --- failed re-building ‘camtrapr4.Rmd’
    
    SUMMARY: processing the following file failed:
     ‘camtrapr4.Rmd’
    
    Error: Vignette re-building failed.
    Execution halted
Flavor: r-release-macos-arm64