Last updated on 2023-09-25 01:03:31 CEST.
Flavor | Version | Tinstall | Tcheck | Ttotal | Status | Flags |
---|---|---|---|---|---|---|
r-devel-linux-x86_64-debian-clang | 1.4.1 | 19.71 | 411.08 | 430.79 | NOTE | |
r-devel-linux-x86_64-debian-gcc | 1.4.1 | 15.37 | 292.02 | 307.39 | NOTE | |
r-devel-linux-x86_64-fedora-clang | 1.4.1 | 531.58 | NOTE | |||
r-devel-linux-x86_64-fedora-gcc | 1.4.1 | 508.99 | NOTE | |||
r-devel-windows-x86_64 | 1.4.1 | 17.00 | 396.00 | 413.00 | NOTE | |
r-patched-linux-x86_64 | 1.4.1 | 13.48 | 366.68 | 380.16 | OK | |
r-release-linux-x86_64 | 1.4.1 | 12.25 | 394.00 | 406.25 | OK | |
r-release-macos-arm64 | 1.4.1 | 173.00 | OK | |||
r-release-macos-x86_64 | 1.4.1 | 387.00 | OK | |||
r-release-windows-x86_64 | 1.4.1 | 23.00 | 487.00 | 510.00 | OK | |
r-oldrel-macos-arm64 | 1.4.1 | 139.00 | OK | |||
r-oldrel-macos-x86_64 | 1.4.1 | 203.00 | OK | |||
r-oldrel-windows-x86_64 | 1.4.1 | 26.00 | 437.00 | 463.00 | OK |
Version: 1.4.1
Check: Rd \usage sections
Result: NOTE
Documented arguments not in \usage in documentation object 'simulateDelegateCore':
‘replicate’ ‘iterations’
Functions with \usage entries need to have the appropriate \alias
entries, and all their arguments documented.
The \usage entries must correspond to syntactically valid R code.
See chapter ‘Writing R documentation files’ in the ‘Writing R
Extensions’ manual.
Flavors: r-devel-linux-x86_64-debian-clang, r-devel-linux-x86_64-debian-gcc, r-devel-linux-x86_64-fedora-clang, r-devel-linux-x86_64-fedora-gcc, r-devel-windows-x86_64