CRAN Package Check Results for Package calcUnique

Last updated on 2024-02-25 01:00:59 CET.

Flavor Version Tinstall Tcheck Ttotal Status Flags
r-devel-linux-x86_64-debian-clang 0.1.2 1.76 21.96 23.72 NOTE
r-devel-linux-x86_64-debian-gcc 0.1.2 1.46 17.67 19.13 NOTE
r-devel-linux-x86_64-fedora-clang 0.1.2 30.09 NOTE
r-devel-linux-x86_64-fedora-gcc 0.1.2 29.18 NOTE
r-devel-windows-x86_64 0.1.2 2.00 45.00 47.00 NOTE
r-patched-linux-x86_64 0.1.2 1.71 21.90 23.61 NOTE
r-release-linux-x86_64 0.1.2 1.97 21.83 23.80 NOTE
r-release-macos-arm64 0.1.2 17.00 NOTE
r-release-macos-x86_64 0.1.2 20.00 NOTE
r-release-windows-x86_64 0.1.2 3.00 44.00 47.00 NOTE
r-oldrel-macos-arm64 0.1.2 14.00 NOTE
r-oldrel-windows-x86_64 0.1.2 4.00 46.00 50.00 NOTE

Check Details

Version: 0.1.2
Check: Rd files
Result: NOTE checkRd: (-1) calcUnique.Rd:24: Lost braces 24 | functions, and often the /code{cut()} function are relatively slow when working with tens of millions of rows or more. | ^ Flavors: r-devel-linux-x86_64-debian-clang, r-devel-linux-x86_64-debian-gcc

Version: 0.1.2
Check: LazyData
Result: NOTE 'LazyData' is specified without a 'data' directory Flavors: r-devel-linux-x86_64-debian-clang, r-devel-linux-x86_64-debian-gcc, r-devel-linux-x86_64-fedora-clang, r-devel-linux-x86_64-fedora-gcc, r-devel-windows-x86_64, r-patched-linux-x86_64, r-release-linux-x86_64, r-release-macos-arm64, r-release-macos-x86_64, r-release-windows-x86_64, r-oldrel-macos-arm64, r-oldrel-windows-x86_64