Last updated on 2023-02-03 18:51:17 CET.
Flavor | Version | Tinstall | Tcheck | Ttotal | Status | Flags |
---|---|---|---|---|---|---|
r-devel-linux-x86_64-debian-clang | 0.6.0 | 2.25 | 27.06 | 29.31 | NOTE | |
r-devel-linux-x86_64-debian-gcc | 0.6.0 | 2.70 | 21.19 | 23.89 | NOTE | |
r-devel-linux-x86_64-fedora-clang | 0.6.0 | 39.17 | NOTE | |||
r-devel-linux-x86_64-fedora-gcc | 0.6.0 | 41.32 | NOTE | |||
r-patched-linux-x86_64 | 0.6.0 | 2.59 | 26.40 | 28.99 | NOTE | |
r-release-linux-x86_64 | 0.6.0 | 3.57 | 27.13 | 30.70 | NOTE | |
r-release-macos-arm64 | 0.6.0 | 17.00 | NOTE | |||
r-release-macos-x86_64 | 0.6.0 | 24.00 | NOTE | |||
r-release-windows-x86_64 | 0.6.0 | 21.00 | 57.00 | 78.00 | NOTE | |
r-oldrel-macos-arm64 | 0.6.0 | 21.00 | NOTE | |||
r-oldrel-macos-x86_64 | 0.6.0 | 29.00 | NOTE | |||
r-oldrel-windows-ix86+x86_64 | 0.6.0 | 7.00 | 50.00 | 57.00 | NOTE |
Version: 0.6.0
Check: LazyData
Result: NOTE
'LazyData' is specified without a 'data' directory
Flavors: r-devel-linux-x86_64-debian-clang, r-devel-linux-x86_64-debian-gcc, r-devel-linux-x86_64-fedora-clang, r-devel-linux-x86_64-fedora-gcc, r-patched-linux-x86_64, r-release-linux-x86_64, r-release-macos-arm64, r-release-macos-x86_64, r-release-windows-x86_64, r-oldrel-macos-arm64, r-oldrel-macos-x86_64, r-oldrel-windows-ix86+x86_64