CRAN Package Check Results for Package cSEM

Last updated on 2024-05-26 00:56:13 CEST.

Flavor Version Tinstall Tcheck Ttotal Status Flags
r-devel-linux-x86_64-debian-clang 0.5.0 19.57 198.33 217.90 NOTE
r-devel-linux-x86_64-debian-gcc 0.5.0 16.64 140.41 157.05 NOTE
r-devel-linux-x86_64-fedora-clang 0.5.0 288.44 NOTE
r-devel-linux-x86_64-fedora-gcc 0.5.0 262.18 NOTE
r-devel-windows-x86_64 0.5.0 18.00 159.00 177.00 NOTE
r-patched-linux-x86_64 0.5.0 25.50 186.90 212.40 NOTE
r-release-linux-x86_64 0.5.0 15.75 185.17 200.92 NOTE
r-release-macos-arm64 0.5.0 72.00 NOTE
r-release-windows-x86_64 0.5.0 19.00 159.00 178.00 NOTE
r-oldrel-macos-arm64 0.5.0 78.00 OK
r-oldrel-macos-x86_64 0.5.0 132.00 OK
r-oldrel-windows-x86_64 0.5.0 23.00 193.00 216.00 OK

Check Details

Version: 0.5.0
Check: Rd files
Result: NOTE checkRd: (-1) calculateEffects.Rd:24: Lost braces; missing escapes or markup? 24 | equals (I-B)^{-1}Gamma. The indirect effect equals the difference between | ^ Flavors: r-devel-linux-x86_64-debian-clang, r-devel-linux-x86_64-debian-gcc, r-devel-linux-x86_64-fedora-clang, r-devel-linux-x86_64-fedora-gcc, r-devel-windows-x86_64, r-patched-linux-x86_64, r-release-linux-x86_64, r-release-macos-arm64, r-release-windows-x86_64

Version: 0.5.0
Check: package dependencies
Result: NOTE Imports includes 21 non-default packages. Importing from so many packages makes the package vulnerable to any of them becoming unavailable. Move as many as possible to Suggests and use conditionally. Flavor: r-devel-linux-x86_64-fedora-clang

Version: 0.5.0
Check: dependencies in R code
Result: NOTE Namespace in Imports field not imported from: ‘Rdpack’ All declared Imports should be used. Flavors: r-devel-linux-x86_64-fedora-clang, r-devel-linux-x86_64-fedora-gcc