CRAN Package Check Results for Package c3

Last updated on 2022-09-27 00:50:58 CEST.

Flavor Version Tinstall Tcheck Ttotal Status Flags
r-devel-linux-x86_64-debian-clang 0.3.0 7.03 74.58 81.61 NOTE
r-devel-linux-x86_64-debian-gcc 0.3.0 5.89 53.52 59.41 NOTE
r-devel-linux-x86_64-fedora-clang 0.3.0 109.66 NOTE
r-devel-linux-x86_64-fedora-gcc 0.3.0 101.92 NOTE
r-devel-windows-x86_64 0.3.0 27.00 106.00 133.00 NOTE
r-patched-linux-x86_64 0.3.0 7.43 66.75 74.18 NOTE
r-release-linux-x86_64 0.3.0 5.26 67.47 72.73 NOTE
r-release-macos-arm64 0.3.0 32.00 NOTE
r-release-macos-x86_64 0.3.0 62.00 NOTE
r-release-windows-x86_64 0.3.0 17.00 106.00 123.00 NOTE
r-oldrel-macos-arm64 0.3.0 285.00 NOTE
r-oldrel-macos-x86_64 0.3.0 57.00 NOTE
r-oldrel-windows-ix86+x86_64 0.3.0 20.00 97.00 117.00 NOTE

Check Details

Version: 0.3.0
Check: LazyData
Result: NOTE
     'LazyData' is specified without a 'data' directory
Flavors: r-devel-linux-x86_64-debian-clang, r-devel-linux-x86_64-debian-gcc, r-devel-linux-x86_64-fedora-clang, r-devel-linux-x86_64-fedora-gcc, r-devel-windows-x86_64, r-patched-linux-x86_64, r-release-linux-x86_64, r-release-macos-arm64, r-release-macos-x86_64, r-release-windows-x86_64, r-oldrel-macos-arm64, r-oldrel-macos-x86_64, r-oldrel-windows-ix86+x86_64