CRAN Package Check Results for Package bysykkel

Last updated on 2021-07-31 19:51:17 CEST.

Flavor Version Tinstall Tcheck Ttotal Status Flags
r-devel-linux-x86_64-debian-clang 0.3.1 5.94 47.04 52.98 NOTE
r-devel-linux-x86_64-debian-gcc 0.3.1 4.85 36.62 41.47 NOTE
r-devel-linux-x86_64-fedora-clang 0.3.1 70.72 NOTE
r-devel-linux-x86_64-fedora-gcc 0.3.1 59.79 NOTE
r-devel-windows-x86_64 0.3.1 10.00 64.00 74.00 NOTE
r-devel-windows-x86_64-gcc10-UCRT 0.3.1 NOTE
r-patched-linux-x86_64 0.3.1 NOTE
r-patched-solaris-x86 0.3.1 89.30 NOTE
r-release-linux-x86_64 0.3.1 5.20 43.95 49.15 NOTE
r-release-macos-arm64 0.3.1 NOTE
r-release-macos-x86_64 0.3.1 NOTE
r-release-windows-ix86+x86_64 0.3.1 12.00 50.00 62.00 NOTE
r-oldrel-macos-x86_64 0.3.1 OK
r-oldrel-windows-ix86+x86_64 0.3.1 9.00 63.00 72.00 OK

Check Details

Version: 0.3.1
Check: LazyData
Result: NOTE
     'LazyData' is specified without a 'data' directory
Flavors: r-devel-linux-x86_64-debian-clang, r-devel-linux-x86_64-debian-gcc, r-devel-linux-x86_64-fedora-clang, r-devel-linux-x86_64-fedora-gcc, r-devel-windows-x86_64, r-devel-windows-x86_64-gcc10-UCRT, r-patched-linux-x86_64, r-patched-solaris-x86, r-release-linux-x86_64, r-release-macos-arm64, r-release-macos-x86_64, r-release-windows-ix86+x86_64