CRAN Package Check Results for Package busdater

Last updated on 2022-10-06 06:49:29 CEST.

Flavor Version Tinstall Tcheck Ttotal Status Flags
r-devel-linux-x86_64-debian-clang 0.2.0 3.65 38.21 41.86 NOTE
r-devel-linux-x86_64-debian-gcc 0.2.0 2.68 29.53 32.21 NOTE
r-devel-linux-x86_64-fedora-clang 0.2.0 64.16 NOTE
r-devel-linux-x86_64-fedora-gcc 0.2.0 58.53 NOTE
r-devel-windows-x86_64 0.2.0 16.00 73.00 89.00 NOTE
r-patched-linux-x86_64 0.2.0 3.68 36.35 40.03 NOTE
r-release-linux-x86_64 0.2.0 3.39 35.92 39.31 NOTE
r-release-macos-arm64 0.2.0 19.00 NOTE
r-release-macos-x86_64 0.2.0 30.00 NOTE
r-release-windows-x86_64 0.2.0 38.00 66.00 104.00 NOTE
r-oldrel-macos-arm64 0.2.0 27.00 NOTE
r-oldrel-macos-x86_64 0.2.0 41.00 NOTE
r-oldrel-windows-ix86+x86_64 0.2.0 7.00 61.00 68.00 NOTE

Check Details

Version: 0.2.0
Check: LazyData
Result: NOTE
     'LazyData' is specified without a 'data' directory
Flavors: r-devel-linux-x86_64-debian-clang, r-devel-linux-x86_64-debian-gcc, r-devel-linux-x86_64-fedora-clang, r-devel-linux-x86_64-fedora-gcc, r-devel-windows-x86_64, r-patched-linux-x86_64, r-release-linux-x86_64, r-release-macos-arm64, r-release-macos-x86_64, r-release-windows-x86_64, r-oldrel-macos-arm64, r-oldrel-macos-x86_64, r-oldrel-windows-ix86+x86_64