CRAN Package Check Results for Package bunchr

Last updated on 2022-09-25 12:55:53 CEST.

Flavor Version Tinstall Tcheck Ttotal Status Flags
r-devel-linux-x86_64-debian-clang 1.2.0 2.64 565.83 568.47 NOTE
r-devel-linux-x86_64-debian-gcc 1.2.0 2.69 409.10 411.79 NOTE
r-devel-linux-x86_64-fedora-clang 1.2.0 661.92 NOTE
r-devel-linux-x86_64-fedora-gcc 1.2.0 658.98 NOTE
r-devel-windows-x86_64 1.2.0 14.00 294.00 308.00 NOTE --no-vignettes
r-patched-linux-x86_64 1.2.0 3.18 534.70 537.88 NOTE
r-release-linux-x86_64 1.2.0 2.02 546.98 549.00 NOTE
r-release-macos-arm64 1.2.0 194.00 NOTE
r-release-macos-x86_64 1.2.0 305.00 NOTE
r-release-windows-x86_64 1.2.0 16.00 347.00 363.00 NOTE --no-vignettes
r-oldrel-macos-arm64 1.2.0 233.00 NOTE
r-oldrel-macos-x86_64 1.2.0 312.00 NOTE
r-oldrel-windows-ix86+x86_64 1.2.0 7.00 349.00 356.00 NOTE --no-vignettes

Check Details

Version: 1.2.0
Check: Rd files
Result: NOTE
    checkRd: (-1) kink_estimator.Rd:60: Escaped LaTeX specials: \$
Flavors: r-devel-linux-x86_64-debian-clang, r-devel-linux-x86_64-debian-gcc, r-devel-linux-x86_64-fedora-clang, r-devel-linux-x86_64-fedora-gcc

Version: 1.2.0
Check: LazyData
Result: NOTE
     'LazyData' is specified without a 'data' directory
Flavors: r-devel-linux-x86_64-debian-clang, r-devel-linux-x86_64-debian-gcc, r-devel-linux-x86_64-fedora-clang, r-devel-linux-x86_64-fedora-gcc, r-patched-linux-x86_64, r-release-linux-x86_64, r-release-macos-arm64, r-release-macos-x86_64, r-oldrel-macos-arm64, r-oldrel-macos-x86_64

Version: 1.2.0
Flags: --no-vignettes
Check: Rd files
Result: NOTE
    checkRd: (-1) kink_estimator.Rd:60: Escaped LaTeX specials: \$
Flavor: r-devel-windows-x86_64

Version: 1.2.0
Flags: --no-vignettes
Check: LazyData
Result: NOTE
     'LazyData' is specified without a 'data' directory
Flavors: r-devel-windows-x86_64, r-release-windows-x86_64, r-oldrel-windows-ix86+x86_64