CRAN Package Check Results for Package bsplus

Last updated on 2022-09-28 21:51:33 CEST.

Flavor Version Tinstall Tcheck Ttotal Status Flags
r-devel-linux-x86_64-debian-clang 0.1.3 3.28 40.48 43.76 OK
r-devel-linux-x86_64-debian-gcc 0.1.3 3.27 31.78 35.05 OK
r-devel-linux-x86_64-fedora-clang 0.1.3 70.35 NOTE
r-devel-linux-x86_64-fedora-gcc 0.1.3 63.32 NOTE
r-devel-windows-x86_64 0.1.3 22.00 70.00 92.00 OK
r-patched-linux-x86_64 0.1.3 4.53 39.15 43.68 OK
r-release-linux-x86_64 0.1.3 4.10 40.09 44.19 OK
r-release-macos-arm64 0.1.3 22.00 NOTE
r-release-macos-x86_64 0.1.3 29.00 NOTE
r-release-windows-x86_64 0.1.3 24.00 65.00 89.00 OK
r-oldrel-macos-arm64 0.1.3 21.00 NOTE
r-oldrel-macos-x86_64 0.1.3 31.00 NOTE
r-oldrel-windows-ix86+x86_64 0.1.3 9.00 70.00 79.00 OK

Check Details

Version: 0.1.3
Check: dependencies in R code
Result: NOTE
    Namespace in Imports field not imported from: ‘methods’
     All declared Imports should be used.
Flavors: r-devel-linux-x86_64-fedora-clang, r-devel-linux-x86_64-fedora-gcc, r-release-macos-arm64, r-release-macos-x86_64, r-oldrel-macos-arm64, r-oldrel-macos-x86_64