CRAN Package Check Results for Package bspec

Last updated on 2021-11-26 19:52:45 CET.

Flavor Version Tinstall Tcheck Ttotal Status Flags
r-devel-linux-x86_64-debian-clang 1.5 3.22 27.86 31.08 NOTE
r-devel-linux-x86_64-debian-gcc 1.5 2.69 21.76 24.45 NOTE
r-devel-linux-x86_64-fedora-clang 1.5 49.11 NOTE
r-devel-linux-x86_64-fedora-gcc 1.5 38.90 NOTE
r-devel-windows-x86_64-new-UL 1.5 8.00 56.00 64.00 NOTE
r-devel-windows-x86_64-new-TK 1.5 NOTE
r-devel-windows-x86_64-old 1.5 5.00 43.00 48.00 NOTE
r-patched-linux-x86_64 1.5 3.46 26.94 30.40 NOTE
r-patched-solaris-x86 1.5 53.80 NOTE
r-release-linux-x86_64 1.5 NOTE
r-release-macos-arm64 1.5 NOTE
r-release-macos-x86_64 1.5 NOTE
r-release-windows-ix86+x86_64 1.5 7.00 33.00 40.00 NOTE
r-oldrel-macos-x86_64 1.5 NOTE
r-oldrel-windows-ix86+x86_64 1.5 5.00 30.00 35.00 NOTE

Check Details

Version: 1.5
Check: R code for possible problems
Result: NOTE
    plot.bspec: no visible global function definition for 'par'
    plot.bspec: no visible global function definition for 'matlines'
    plot.bspec: no visible global function definition for 'points'
    plot.bspec: no visible global function definition for 'axis'
    plot.bspec: no visible global function definition for 'mtext'
    plot.bspec: no visible global function definition for 'axTicks'
    plot.bspec: no visible global function definition for 'box'
    plot.bspecACF: no visible global function definition for 'abline'
    plot.bspecACF: no visible global function definition for 'matlines'
    Undefined global functions or variables:
     abline axTicks axis box matlines mtext par points
    Consider adding
     importFrom("graphics", "abline", "axTicks", "axis", "box", "matlines",
     "mtext", "par", "points")
    to your NAMESPACE file.
Flavors: r-devel-linux-x86_64-debian-clang, r-devel-linux-x86_64-debian-gcc, r-devel-linux-x86_64-fedora-clang, r-devel-linux-x86_64-fedora-gcc, r-devel-windows-x86_64-new-UL, r-devel-windows-x86_64-new-TK, r-devel-windows-x86_64-old, r-patched-linux-x86_64, r-patched-solaris-x86, r-release-linux-x86_64, r-release-macos-arm64, r-release-macos-x86_64, r-release-windows-ix86+x86_64, r-oldrel-macos-x86_64, r-oldrel-windows-ix86+x86_64