CRAN Package Check Results for Package bsnsing

Last updated on 2024-04-22 07:02:20 CEST.

Flavor Version Tinstall Tcheck Ttotal Status Flags
r-devel-linux-x86_64-debian-clang 1.0.1 22.58 61.44 84.02 NOTE
r-devel-linux-x86_64-debian-gcc 1.0.1 16.76 45.79 62.55 NOTE
r-devel-linux-x86_64-fedora-clang 1.0.1 111.35 NOTE
r-devel-linux-x86_64-fedora-gcc 1.0.1 106.85 NOTE
r-prerel-macos-arm64 1.0.1 31.00 NOTE
r-prerel-windows-x86_64 1.0.1 19.00 80.00 99.00 NOTE
r-patched-linux-x86_64 1.0.1 21.88 59.04 80.92 NOTE
r-release-linux-x86_64 1.0.1 21.11 58.09 79.20 OK
r-release-macos-arm64 1.0.1 33.00 OK
r-release-macos-x86_64 1.0.1 52.00 OK
r-release-windows-x86_64 1.0.1 19.00 97.00 116.00 OK
r-oldrel-macos-arm64 1.0.1 29.00 OK
r-oldrel-windows-x86_64 1.0.1 24.00 93.00 117.00 OK

Check Details

Version: 1.0.1
Check: Rd files
Result: NOTE checkRd: (-1) bscontrol.Rd:39: Lost braces; missing escapes or markup? 39 | \item{opt.solver}{a character string in the set {'enum', 'enum_c', 'gurobi', 'cplex', 'lpSolve', 'greedy'} indicating the optimization solver to be used in the program. The choice of 'cplex' requires the package \code{cplexAPI}, 'gurobi' requires the package \code{gurobi}, and 'lpSolve' requires the package \code{lpSolve}. These solver options are only available in the full version at \url{https://github.com/profyliu/bsnsing/}. The default (and the best) is 'enum_c'.} | ^ checkRd: (-1) bscontrol.Rd:45: Lost braces; missing escapes or markup? 45 | \item{opt.model}{a character string in the set {'gini','error'} indicating the optimization model to solve in the program. The default is 'gini'. The 'error' option is not available in the current version.} | ^ Flavors: r-devel-linux-x86_64-debian-clang, r-devel-linux-x86_64-debian-gcc, r-devel-linux-x86_64-fedora-clang, r-devel-linux-x86_64-fedora-gcc, r-prerel-macos-arm64, r-prerel-windows-x86_64, r-patched-linux-x86_64