CRAN Package Check Results for Package bs4Dash

Last updated on 2022-10-05 12:56:45 CEST.

Flavor Version Tinstall Tcheck Ttotal Status Flags
r-devel-linux-x86_64-debian-clang 2.1.0 9.34 90.51 99.85 OK
r-devel-linux-x86_64-debian-gcc 2.1.0 7.75 67.58 75.33 OK
r-devel-linux-x86_64-fedora-clang 2.1.0 138.83 NOTE
r-devel-linux-x86_64-fedora-gcc 2.1.0 134.20 OK
r-devel-windows-x86_64 2.1.0 76.00 178.00 254.00 NOTE
r-patched-linux-x86_64 2.1.0 18.23 80.37 98.60 OK
r-release-linux-x86_64 2.1.0 11.44 80.53 91.97 OK
r-release-macos-arm64 2.1.0 61.00 NOTE
r-release-macos-x86_64 2.1.0 87.00 NOTE
r-release-windows-x86_64 2.1.0 58.00 150.00 208.00 NOTE
r-oldrel-macos-arm64 2.1.0 63.00 NOTE
r-oldrel-macos-x86_64 2.1.0 94.00 NOTE
r-oldrel-windows-ix86+x86_64 2.1.0 19.00 136.00 155.00 NOTE

Check Details

Version: 2.1.0
Check: installed package size
Result: NOTE
     installed size is 5.8Mb
     sub-directories of 1Mb or more:
     doc 2.1Mb
     help 1.3Mb
Flavors: r-devel-linux-x86_64-fedora-clang, r-devel-windows-x86_64, r-release-macos-arm64, r-release-macos-x86_64, r-release-windows-x86_64, r-oldrel-macos-arm64, r-oldrel-macos-x86_64, r-oldrel-windows-ix86+x86_64