Last updated on 2023-09-30 00:56:01 CEST.
Flavor | Version | Tinstall | Tcheck | Ttotal | Status | Flags |
---|---|---|---|---|---|---|
r-devel-linux-x86_64-debian-clang | 2.3.0 | 11.49 | 103.19 | 114.68 | NOTE | |
r-devel-linux-x86_64-debian-gcc | 2.3.0 | 8.73 | 76.49 | 85.22 | NOTE | |
r-devel-linux-x86_64-fedora-clang | 2.3.0 | 138.61 | NOTE | |||
r-devel-linux-x86_64-fedora-gcc | 2.3.0 | 147.16 | NOTE | |||
r-devel-windows-x86_64 | 2.3.0 | 14.00 | 133.00 | 147.00 | NOTE | |
r-patched-linux-x86_64 | 2.3.0 | 21.57 | 103.13 | 124.70 | OK | |
r-release-linux-x86_64 | 2.3.0 | 10.63 | 101.96 | 112.59 | OK | |
r-release-macos-arm64 | 2.3.0 | 67.00 | OK | |||
r-release-macos-x86_64 | 2.3.0 | 136.00 | OK | |||
r-release-windows-x86_64 | 2.3.0 | 17.00 | 152.00 | 169.00 | OK | |
r-oldrel-macos-arm64 | 2.3.0 | 57.00 | OK | |||
r-oldrel-macos-x86_64 | 2.3.0 | 80.00 | OK | |||
r-oldrel-windows-x86_64 | 2.3.0 | 18.00 | 124.00 | 142.00 | OK |
Version: 2.3.0
Check: Rd \usage sections
Result: NOTE
Documented arguments not in \usage in documentation object 'bs4Table':
‘headTitles’
Functions with \usage entries need to have the appropriate \alias
entries, and all their arguments documented.
The \usage entries must correspond to syntactically valid R code.
See chapter ‘Writing R documentation files’ in the ‘Writing R
Extensions’ manual.
Flavors: r-devel-linux-x86_64-debian-clang, r-devel-linux-x86_64-debian-gcc, r-devel-linux-x86_64-fedora-clang, r-devel-linux-x86_64-fedora-gcc, r-devel-windows-x86_64