CRAN Package Check Results for Package brranching

Last updated on 2021-07-23 13:52:39 CEST.

Flavor Version Tinstall Tcheck Ttotal Status Flags
r-devel-linux-x86_64-debian-clang 0.7.0 11.20 96.37 107.57 OK
r-devel-linux-x86_64-debian-gcc 0.7.0 0.29 2.05 2.34 ERROR
r-devel-linux-x86_64-fedora-clang 0.7.0 140.30 OK
r-devel-linux-x86_64-fedora-gcc 0.7.0 126.61 OK
r-devel-windows-x86_64 0.7.0 15.00 91.00 106.00 OK
r-devel-windows-x86_64-gcc10-UCRT 0.7.0 OK
r-patched-linux-x86_64 0.7.0 10.70 90.75 101.45 OK
r-patched-solaris-x86 0.7.0 198.40 OK
r-release-linux-x86_64 0.7.0 10.43 91.66 102.09 OK
r-release-macos-arm64 0.7.0 OK
r-release-macos-x86_64 0.7.0 OK
r-release-windows-ix86+x86_64 0.7.0 28.00 86.00 114.00 OK
r-oldrel-macos-x86_64 0.7.0 OK
r-oldrel-windows-ix86+x86_64 0.7.0 29.00 112.00 141.00 OK

Check Details

Version: 0.7.0
Check: package dependencies
Result: ERROR
    Packages required but not available: 'taxize', 'phytools'
    
    See section ‘The DESCRIPTION file’ in the ‘Writing R Extensions’
    manual.
Flavor: r-devel-linux-x86_64-debian-gcc