Last updated on 2023-02-09 06:55:24 CET.
Flavor | Version | Tinstall | Tcheck | Ttotal | Status | Flags |
---|---|---|---|---|---|---|
r-devel-linux-x86_64-debian-clang | 0.2.0 | 95.72 | 215.11 | 310.83 | NOTE | |
r-devel-linux-x86_64-debian-gcc | 0.2.0 | 73.49 | 155.95 | 229.44 | NOTE | |
r-devel-linux-x86_64-fedora-clang | 0.2.0 | 420.18 | NOTE | |||
r-devel-linux-x86_64-fedora-gcc | 0.2.0 | 372.03 | NOTE | |||
r-devel-windows-x86_64 | 0.2.0 | 94.00 | 251.00 | 345.00 | NOTE | |
r-patched-linux-x86_64 | 0.2.0 | 85.88 | 201.84 | 287.72 | OK | |
r-release-linux-x86_64 | 0.2.0 | 69.12 | 207.98 | 277.10 | OK | |
r-release-macos-arm64 | 0.2.0 | 109.00 | NOTE | |||
r-release-macos-x86_64 | 0.2.0 | 134.00 | NOTE | |||
r-release-windows-x86_64 | 0.2.0 | 101.00 | 274.00 | 375.00 | OK | |
r-oldrel-macos-arm64 | 0.2.0 | 94.00 | NOTE | |||
r-oldrel-macos-x86_64 | 0.2.0 | 136.00 | NOTE | |||
r-oldrel-windows-ix86+x86_64 | 0.2.0 | 239.00 | 339.00 | 578.00 | WARN |
Version: 0.2.0
Check: C++ specification
Result: NOTE
Specified C++11: please update to current default of C++17
Flavor: r-devel-linux-x86_64-debian-clang
Version: 0.2.0
Check: C++ specification
Result: NOTE
Specified C++11: please drop specification unless essential
Flavors: r-devel-linux-x86_64-debian-gcc, r-devel-linux-x86_64-fedora-clang, r-devel-linux-x86_64-fedora-gcc, r-devel-windows-x86_64
Version: 0.2.0
Check: installed package size
Result: NOTE
installed size is 5.4Mb
sub-directories of 1Mb or more:
doc 2.7Mb
libs 2.5Mb
Flavors: r-release-macos-arm64, r-release-macos-x86_64, r-oldrel-macos-arm64, r-oldrel-macos-x86_64, r-oldrel-windows-ix86+x86_64
Version: 0.2.0
Check: for unstated dependencies in ‘tests’
Result: WARN
Warning: unable to access index for repository https://bioconductor.org/packages/3.14/bioc/src/contrib:
cannot open URL 'https://bioconductor.org/packages/3.14/bioc/src/contrib/PACKAGES'
Warning: unable to access index for repository https://bioconductor.org/packages/3.14/data/annotation/src/contrib:
cannot open URL 'https://bioconductor.org/packages/3.14/data/annotation/src/contrib/PACKAGES'
Warning: unable to access index for repository https://bioconductor.org/packages/3.14/data/experiment/src/contrib:
cannot open URL 'https://bioconductor.org/packages/3.14/data/experiment/src/contrib/PACKAGES'
Flavor: r-oldrel-windows-ix86+x86_64