Last updated on 2023-02-08 06:56:19 CET.
Flavor | Version | Tinstall | Tcheck | Ttotal | Status | Flags |
---|---|---|---|---|---|---|
r-devel-linux-x86_64-debian-clang | 1.0.4 | 87.12 | 382.20 | 469.32 | NOTE | |
r-devel-linux-x86_64-debian-gcc | 1.0.4 | 74.87 | 272.85 | 347.72 | NOTE | |
r-devel-linux-x86_64-fedora-clang | 1.0.4 | 586.29 | NOTE | |||
r-devel-linux-x86_64-fedora-gcc | 1.0.4 | 540.40 | NOTE | |||
r-devel-windows-x86_64 | 1.0.4 | 153.00 | 395.00 | 548.00 | NOTE | |
r-patched-linux-x86_64 | 1.0.4 | 57.97 | 352.10 | 410.07 | OK | |
r-release-linux-x86_64 | 1.0.4 | 58.17 | 363.04 | 421.21 | OK | |
r-release-macos-arm64 | 1.0.4 | 130.00 | NOTE | |||
r-release-macos-x86_64 | 1.0.4 | 309.00 | NOTE | |||
r-release-windows-x86_64 | 1.0.4 | 106.00 | 414.00 | 520.00 | OK | |
r-oldrel-macos-arm64 | 1.0.4 | 114.00 | NOTE | |||
r-oldrel-macos-x86_64 | 1.0.4 | 171.00 | NOTE | |||
r-oldrel-windows-ix86+x86_64 | 1.0.4 | 209.00 | 498.00 | 707.00 | OK |
Version: 1.0.4
Check: C++ specification
Result: NOTE
Specified C++11: please update to current default of C++17
Flavors: r-devel-linux-x86_64-debian-clang, r-devel-windows-x86_64
Version: 1.0.4
Check: C++ specification
Result: NOTE
Specified C++11: please drop specification unless essential
Flavors: r-devel-linux-x86_64-debian-gcc, r-devel-linux-x86_64-fedora-clang, r-devel-linux-x86_64-fedora-gcc
Version: 1.0.4
Check: installed package size
Result: NOTE
installed size is 8.0Mb
sub-directories of 1Mb or more:
doc 1.1Mb
libs 6.4Mb
Flavors: r-release-macos-arm64, r-release-macos-x86_64, r-oldrel-macos-arm64, r-oldrel-macos-x86_64