CRAN Package Check Results for Package bridgesampling

Last updated on 2021-09-16 07:49:49 CEST.

Flavor Version Tinstall Tcheck Ttotal Status Flags
r-devel-linux-x86_64-debian-clang 1.1-2 9.25 233.68 242.93 OK
r-devel-linux-x86_64-debian-gcc 1.1-2 7.64 169.04 176.68 OK
r-devel-linux-x86_64-fedora-clang 1.1-2 285.29 OK
r-devel-linux-x86_64-fedora-gcc 1.1-2 284.65 OK
r-devel-windows-x86_64 1.1-2 10.00 211.00 221.00 OK
r-devel-windows-x86_64-gcc10-UCRT 1.1-2 OK
r-patched-linux-x86_64 1.1-2 9.26 235.98 245.24 OK
r-patched-solaris-x86 1.1-2 304.30 OK
r-release-linux-x86_64 1.1-2 8.89 232.13 241.02 OK
r-release-macos-arm64 1.1-2 ERROR
r-release-macos-x86_64 1.1-2 OK
r-release-windows-ix86+x86_64 1.1-2 22.00 169.00 191.00 OK
r-oldrel-macos-x86_64 1.1-2 OK
r-oldrel-windows-ix86+x86_64 1.1-2 16.00 209.00 225.00 OK

Check Details

Version: 1.1-2
Check: package dependencies
Result: NOTE
    Packages suggested but not available for checking:
     'R2jags', 'rjags', 'runjags'
Flavor: r-release-macos-arm64

Version: 1.1-2
Check: tests
Result: ERROR
     Running ‘testthat.R’ [22s/30s]
    Running the tests in ‘tests/testthat.R’ failed.
    Complete output:
     > Sys.setenv("R_TESTS" = "")
     > library(testthat)
     >
     > test_check("bridgesampling")
     Loading required package: bridgesampling
     Median of 10 bridge sampling estimates
     of the log marginal likelihood: 4293.156
     Range of estimates: 4290.976 to 4294.028
     Interquartile range: 1.62594
     Method: normal
Flavor: r-release-macos-arm64