Last updated on 2023-03-22 06:55:31 CET.
Flavor | Version | Tinstall | Tcheck | Ttotal | Status | Flags |
---|---|---|---|---|---|---|
r-devel-linux-x86_64-debian-clang | 0.8.6 | 16.57 | 228.22 | 244.79 | OK | |
r-devel-linux-x86_64-debian-gcc | 0.8.6 | 12.65 | 174.35 | 187.00 | OK | |
r-devel-linux-x86_64-fedora-clang | 0.8.6 | 295.13 | NOTE | |||
r-devel-linux-x86_64-fedora-gcc | 0.8.6 | 295.16 | OK | |||
r-devel-windows-x86_64 | 0.8.6 | 94.00 | 265.00 | 359.00 | OK | |
r-patched-linux-x86_64 | 0.8.6 | 9.83 | 222.06 | 231.89 | OK | |
r-release-linux-x86_64 | 0.8.6 | 9.39 | 218.73 | 228.12 | OK | |
r-release-macos-arm64 | 0.8.6 | 76.00 | OK | |||
r-release-macos-x86_64 | 0.8.6 | 116.00 | OK | |||
r-release-windows-x86_64 | 0.8.6 | 86.00 | 271.00 | 357.00 | OK | |
r-oldrel-macos-arm64 | 0.8.6 | 76.00 | OK | |||
r-oldrel-macos-x86_64 | 0.8.6 | 126.00 | OK | |||
r-oldrel-windows-ix86+x86_64 | 0.8.6 | 33.00 | 255.00 | 288.00 | OK |
Version: 0.8.6
Check: Rd cross-references
Result: NOTE
Undeclared package ‘generics’ in Rd xrefs
Flavor: r-devel-linux-x86_64-fedora-clang