Last updated on 2023-03-21 21:57:02 CET.
Flavor | Version | Tinstall | Tcheck | Ttotal | Status | Flags |
---|---|---|---|---|---|---|
r-devel-linux-x86_64-debian-clang | 1.6.0 | 7.79 | 68.83 | 76.62 | NOTE | |
r-devel-linux-x86_64-debian-gcc | 1.6.0 | 7.09 | 52.53 | 59.62 | NOTE | |
r-devel-linux-x86_64-fedora-clang | 1.6.0 | 98.54 | NOTE | |||
r-devel-linux-x86_64-fedora-gcc | 1.6.0 | 92.44 | NOTE | |||
r-devel-windows-x86_64 | 1.6.0 | 23.00 | 90.00 | 113.00 | NOTE | |
r-patched-linux-x86_64 | 1.6.0 | 13.92 | 73.29 | 87.21 | NOTE | |
r-release-linux-x86_64 | 1.6.0 | 9.15 | 73.80 | 82.95 | NOTE | |
r-release-macos-arm64 | 1.6.0 | 43.00 | NOTE | |||
r-release-macos-x86_64 | 1.6.0 | 73.00 | NOTE | |||
r-release-windows-x86_64 | 1.6.0 | 20.00 | 93.00 | 113.00 | NOTE | |
r-oldrel-macos-arm64 | 1.6.0 | 67.00 | NOTE | |||
r-oldrel-macos-x86_64 | 1.6.0 | 63.00 | NOTE | |||
r-oldrel-windows-ix86+x86_64 | 1.6.0 | 20.00 | 86.00 | 106.00 | NOTE |
Version: 1.6.0
Check: LazyData
Result: NOTE
'LazyData' is specified without a 'data' directory
Flavors: r-devel-linux-x86_64-debian-clang, r-devel-linux-x86_64-debian-gcc, r-devel-linux-x86_64-fedora-clang, r-devel-linux-x86_64-fedora-gcc, r-devel-windows-x86_64, r-patched-linux-x86_64, r-release-linux-x86_64, r-release-macos-arm64, r-release-macos-x86_64, r-release-windows-x86_64, r-oldrel-macos-arm64, r-oldrel-macos-x86_64, r-oldrel-windows-ix86+x86_64