Last updated on 2023-03-21 19:03:55 CET.
Flavor | Version | Tinstall | Tcheck | Ttotal | Status | Flags |
---|---|---|---|---|---|---|
r-devel-linux-x86_64-debian-clang | 0.1.0 | 10.64 | 75.02 | 85.66 | OK | |
r-devel-linux-x86_64-debian-gcc | 0.1.0 | 9.60 | 58.62 | 68.22 | OK | |
r-devel-linux-x86_64-fedora-clang | 0.1.0 | 107.30 | NOTE | |||
r-devel-linux-x86_64-fedora-gcc | 0.1.0 | 114.78 | NOTE | |||
r-devel-windows-x86_64 | 0.1.0 | 23.00 | 114.00 | 137.00 | OK | |
r-patched-linux-x86_64 | 0.1.0 | 9.81 | 73.18 | 82.99 | OK | |
r-release-linux-x86_64 | 0.1.0 | 10.43 | 73.77 | 84.20 | OK | |
r-release-macos-arm64 | 0.1.0 | 48.00 | NOTE | |||
r-release-macos-x86_64 | 0.1.0 | 73.00 | NOTE | |||
r-release-windows-x86_64 | 0.1.0 | 22.00 | 120.00 | 142.00 | OK | |
r-oldrel-macos-arm64 | 0.1.0 | 58.00 | NOTE | |||
r-oldrel-macos-x86_64 | 0.1.0 | 79.00 | NOTE | |||
r-oldrel-windows-ix86+x86_64 | 0.1.0 | 25.00 | 113.00 | 138.00 | OK |
Version: 0.1.0
Check: dependencies in R code
Result: NOTE
Namespaces in Imports field not imported from:
‘CCA’ ‘brainR’ ‘elasticnet’
All declared Imports should be used.
Flavors: r-devel-linux-x86_64-fedora-clang, r-devel-linux-x86_64-fedora-gcc, r-release-macos-arm64, r-release-macos-x86_64, r-oldrel-macos-arm64, r-oldrel-macos-x86_64