CRAN Package Check Results for Package brainKCCA

Last updated on 2024-02-27 18:49:11 CET.

Flavor Version Tinstall Tcheck Ttotal Status Flags
r-devel-linux-x86_64-debian-clang 0.1.0 8.18 78.44 86.62 OK
r-devel-linux-x86_64-debian-gcc 0.1.0 9.07 58.52 67.59 OK
r-devel-linux-x86_64-fedora-clang 0.1.0 106.28 NOTE
r-devel-linux-x86_64-fedora-gcc 0.1.0 121.32 NOTE
r-devel-windows-x86_64 0.1.0 12.00 86.00 98.00 OK
r-patched-linux-x86_64 0.1.0 10.29 75.88 86.17 OK
r-release-linux-x86_64 0.1.0 11.70 76.26 87.96 OK
r-release-macos-arm64 0.1.0 56.00 OK
r-release-macos-x86_64 0.1.0 78.00 OK
r-release-windows-x86_64 0.1.0 14.00 95.00 109.00 OK
r-oldrel-macos-arm64 0.1.0 48.00 NOTE
r-oldrel-windows-x86_64 0.1.0 15.00 101.00 116.00 OK

Check Details

Version: 0.1.0
Check: dependencies in R code
Result: NOTE Namespaces in Imports field not imported from: ‘CCA’ ‘brainR’ ‘elasticnet’ All declared Imports should be used. Flavors: r-devel-linux-x86_64-fedora-clang, r-devel-linux-x86_64-fedora-gcc, r-oldrel-macos-arm64