CRAN Package Check Results for Package brainKCCA

Last updated on 2021-07-31 19:51:17 CEST.

Flavor Version Tinstall Tcheck Ttotal Status Flags
r-devel-linux-x86_64-debian-clang 0.1.0 10.03 67.98 78.01 OK
r-devel-linux-x86_64-debian-gcc 0.1.0 8.70 53.20 61.90 OK
r-devel-linux-x86_64-fedora-clang 0.1.0 103.16 NOTE
r-devel-linux-x86_64-fedora-gcc 0.1.0 93.03 NOTE
r-devel-windows-x86_64 0.1.0 23.00 100.00 123.00 OK
r-devel-windows-x86_64-gcc10-UCRT 0.1.0 NOTE
r-patched-linux-x86_64 0.1.0 OK
r-patched-solaris-x86 0.1.0 133.90 NOTE
r-release-linux-x86_64 0.1.0 9.46 65.77 75.23 OK
r-release-macos-arm64 0.1.0 NOTE
r-release-macos-x86_64 0.1.0 NOTE
r-release-windows-ix86+x86_64 0.1.0 22.00 99.00 121.00 OK
r-oldrel-macos-x86_64 0.1.0 NOTE
r-oldrel-windows-ix86+x86_64 0.1.0 38.00 113.00 151.00 OK

Check Details

Version: 0.1.0
Check: dependencies in R code
Result: NOTE
    Namespaces in Imports field not imported from:
     ‘CCA’ ‘brainR’ ‘elasticnet’
     All declared Imports should be used.
Flavors: r-devel-linux-x86_64-fedora-clang, r-devel-linux-x86_64-fedora-gcc, r-devel-windows-x86_64-gcc10-UCRT, r-patched-solaris-x86, r-release-macos-arm64, r-release-macos-x86_64, r-oldrel-macos-x86_64