CRAN Package Check Results for Package brainGraph

Last updated on 2021-09-25 13:51:41 CEST.

Flavor Version Tinstall Tcheck Ttotal Status Flags
r-devel-linux-x86_64-debian-clang 3.0.0 32.48 137.71 170.19 OK
r-devel-linux-x86_64-debian-gcc 3.0.0 24.13 101.61 125.74 OK
r-devel-linux-x86_64-fedora-clang 3.0.0 205.11 OK
r-devel-linux-x86_64-fedora-gcc 3.0.0 195.62 OK
r-devel-windows-x86_64 3.0.0 31.00 116.00 147.00 OK
r-devel-windows-x86_64-gcc10-UCRT 3.0.0 OK
r-patched-linux-x86_64 3.0.0 37.89 131.83 169.72 OK
r-patched-solaris-x86 3.0.0 262.30 OK
r-release-linux-x86_64 3.0.0 26.41 131.59 158.00 OK
r-release-macos-arm64 3.0.0 NOTE
r-release-macos-x86_64 3.0.0 OK
r-release-windows-ix86+x86_64 3.0.0 47.00 124.00 171.00 OK
r-oldrel-macos-x86_64 3.0.0 OK
r-oldrel-windows-ix86+x86_64 3.0.0 30.00 110.00 140.00 OK

Check Details

Version: 3.0.0
Check: package dependencies
Result: NOTE
    Packages suggested but not available for checking: 'RGtk2', 'cairoDevice'
Flavor: r-release-macos-arm64